{"id":11745,"date":"2025-08-18T11:57:06","date_gmt":"2025-08-18T11:57:06","guid":{"rendered":"https:\/\/newhometr.com\/store\/?post_type=product&#038;p=11745"},"modified":"2025-08-18T11:57:07","modified_gmt":"2025-08-18T11:57:07","slug":"ferroli-bluehelix-trio-24-kw-hermetik-yogusmali-kombi","status":"publish","type":"product","link":"https:\/\/newhometr.com\/store\/product\/ferroli-bluehelix-trio-24-kw-hermetik-yogusmali-kombi\/","title":{"rendered":"Ferroli Bluehelix Trio 24 kW Hermetik Yo\u011fu\u015fmal\u0131 Kombi"},"content":{"rendered":"<p>Bluehelix trio d24 kw ve 28 kw\u2019l\u0131k iki kapasite se\u00e7ene\u011fi,.<br \/>\ngeni\u015f y\u00fczey alan\u0131na sahip, sert yo\u011fu\u015fma sular\u0131na kar\u015f\u0131 son derece dayan\u0131kl\u0131 yo\u011fu\u015fma paslanmaz \u00e7elik e\u015fanj\u00f6r\u00fc,.<br \/>\nerp-eco design kriterlerine uygun.<br \/>\ny\u00fcksek \u0131s\u0131tma kapasiteli, plakal\u0131 e\u015fanj\u00f6r\u00fc ve y\u00fcksek su debisi ile, kesintisiz ve \u00e7ok h\u0131zl\u0131 s\u0131cak su \u00fcretebilme \u00f6zelli\u011fine sahip olup, maksimum s\u0131cak su konforu sa\u011flar<br \/>\nhem kalorifer \u0131s\u0131tmas\u0131 hem de s\u0131cak kullan\u0131m suyu \u00fcretiminde a sinifi y\u00fcksek sezonsal verimlili\u011fine sahiptir.<br \/>\n\u00f6zel olarak tasarlanm\u0131\u015f yeni, ergonomik lcd ekranl\u0131 kontrol paneli ile rahat kullan\u0131m,.<br \/>\ndo\u011falgaz ile kullan\u0131m olana\u011f\u0131,.<br \/>\n14 farkl\u0131 ileri emniyet sistemi ile y\u00fcksek g\u00fcvenlik standartlar\u0131,.<br \/>\nbirbirine entegre hava\/gaz mixeri, mod\u00fclasyonlu fan ve mikro alevli paslanmaz \u00e7elik br\u00fcl\u00f6rden olu\u015fan premix br\u00fcl\u00f6r grubu, d\u00fc\u015f\u00fck emisyon de\u011ferleri,.<br \/>\ngeni\u015f mod\u00fclasyon aral\u0131\u011f\u0131 (%23-%100),.<br \/>\ncihaz i\u00e7 k\u0131sm\u0131 \u0131s\u0131 ve ses yal\u0131t\u0131m\u0131 i\u00e7in soft izolasyon malzemesi ile komple kaplanmas\u0131 sayesinde cihaz son derece sessiz \u00e7al\u0131\u015f\u0131r ve g\u00f6vdeden yay\u0131lan \u0131s\u0131 kayb\u0131n\u0131 azalt\u0131r<br \/>\ntaze hava kanal\u0131n\u0131n giri\u015finde kullan\u0131lan \u00f6zel tasarlanm\u0131\u015f silencer ile olu\u015fabilecek \u00e7al\u0131\u015fma g\u00fcr\u00fclt\u00fcleri minimize edilmi\u015ftir<br \/>\nsistemin \u0131s\u0131 taleplerine g\u00f6re \u00e7al\u0131\u015fan mod\u00fclasyonlu sirk\u00fclasyon pompas\u0131,.<br \/>\nd\u0131\u015f hava sens\u00f6r\u00fc, mod\u00fclasyonlu ve on-off oda termostatlar\u0131 ile \u00e7al\u0131\u015fma imkan\u0131,.<br \/>\nkompakt \u00f6l\u00e7\u00fcleri ile montaj yerinden tasarruf,.<br \/>\nyayg\u0131n sat\u0131\u015f sonras\u0131 servis a\u011f\u0131..<\/p>\n","protected":false},"excerpt":{"rendered":"<p>Bluehelix trio d24 kw ve 28 kw\u2019l\u0131k iki kapasite se\u00e7ene\u011fi,. geni\u015f y\u00fczey alan\u0131na sahip, sert yo\u011fu\u015fma sular\u0131na kar\u015f\u0131 son derece dayan\u0131kl\u0131 yo\u011fu\u015fma paslanmaz \u00e7elik e\u015fanj\u00f6r\u00fc,. erp-eco design kriterlerine uygun. y\u00fcksek \u0131s\u0131tma kapasiteli, plakal\u0131 e\u015fanj\u00f6r\u00fc ve y\u00fcksek su debisi ile, kesintisiz ve \u00e7ok h\u0131zl\u0131 s\u0131cak su \u00fcretebilme \u00f6zelli\u011fine sahip olup, maksimum s\u0131cak su konforu sa\u011flar hem &hellip; <a href=\"https:\/\/newhometr.com\/store\/product\/ferroli-bluehelix-trio-24-kw-hermetik-yogusmali-kombi\/\" class=\"more-link\">Continue reading <span class=\"screen-reader-text\">Ferroli Bluehelix Trio 24 kW Hermetik Yo\u011fu\u015fmal\u0131 Kombi<\/span><\/a><\/p>\n","protected":false},"featured_media":11746,"comment_status":"open","ping_status":"closed","template":"","meta":[],"product_brand":[],"product_cat":[486,43],"product_tag":[],"class_list":{"0":"post-11745","1":"product","2":"type-product","3":"status-publish","4":"has-post-thumbnail","6":"product_cat-electrical-appliances","7":"product_cat-electrical","10":"instock","11":"shipping-taxable","12":"purchasable","13":"product-type-simple"},"_links":{"self":[{"href":"https:\/\/newhometr.com\/store\/wp-json\/wp\/v2\/product\/11745","targetHints":{"allow":["GET"]}}],"collection":[{"href":"https:\/\/newhometr.com\/store\/wp-json\/wp\/v2\/product"}],"about":[{"href":"https:\/\/newhometr.com\/store\/wp-json\/wp\/v2\/types\/product"}],"replies":[{"embeddable":true,"href":"https:\/\/newhometr.com\/store\/wp-json\/wp\/v2\/comments?post=11745"}],"version-history":[{"count":1,"href":"https:\/\/newhometr.com\/store\/wp-json\/wp\/v2\/product\/11745\/revisions"}],"predecessor-version":[{"id":11751,"href":"https:\/\/newhometr.com\/store\/wp-json\/wp\/v2\/product\/11745\/revisions\/11751"}],"wp:featuredmedia":[{"embeddable":true,"href":"https:\/\/newhometr.com\/store\/wp-json\/wp\/v2\/media\/11746"}],"wp:attachment":[{"href":"https:\/\/newhometr.com\/store\/wp-json\/wp\/v2\/media?parent=11745"}],"wp:term":[{"taxonomy":"product_brand","embeddable":true,"href":"https:\/\/newhometr.com\/store\/wp-json\/wp\/v2\/product_brand?post=11745"},{"taxonomy":"product_cat","embeddable":true,"href":"https:\/\/newhometr.com\/store\/wp-json\/wp\/v2\/product_cat?post=11745"},{"taxonomy":"product_tag","embeddable":true,"href":"https:\/\/newhometr.com\/store\/wp-json\/wp\/v2\/product_tag?post=11745"}],"curies":[{"name":"wp","href":"https:\/\/api.w.org\/{rel}","templated":true}]}}