{"id":11607,"date":"2025-08-13T18:34:16","date_gmt":"2025-08-13T18:34:16","guid":{"rendered":"https:\/\/newhometr.com\/store\/?post_type=product&#038;p=11607"},"modified":"2025-08-13T19:37:04","modified_gmt":"2025-08-13T19:37:04","slug":"fixa-granit-yapistirici-25kg-gri","status":"publish","type":"product","link":"https:\/\/newhometr.com\/store\/product\/fixa-granit-yapistirici-25kg-gri\/","title":{"rendered":"Fixa Granit Yap\u0131\u015ft\u0131r\u0131c\u0131 25Kg Gri"},"content":{"rendered":"<p><strong>Uygulama Alanlar\u0131:<\/strong><\/p>\n<ul>\n<li>\u0130\u00e7 ve d\u0131\u015f mekanlarda<\/li>\n<li>Yatay ve d\u00fc\u015fey y\u00fczeylerde,<\/li>\n<li>B\u00fcy\u00fck ebatl\u0131 yer ve duvar serami\u011fi, granit, granit seramik, mermer, klinker ve her t\u00fcrl\u00fc do\u011falta\u015f kaplama<\/li>\n<li>malzemesinin d\u00f6\u015fenmesinde,<\/li>\n<li>Yo\u011fun yaya trafi\u011fine maruz kalan i\u015fyerleri, al\u0131\u015fveri\u015f merkezleri, okul, hastane gibi mekanlarda,<\/li>\n<li>Alttan \u0131s\u0131tmal\u0131 sistemlerde,<\/li>\n<li>Eski granit ve mermer y\u00fczeyler \u00fczerine seramik kaplamas\u0131nda kullan\u0131l\u0131r<\/li>\n<\/ul>\n","protected":false},"excerpt":{"rendered":"<p>Uygulama Alanlar\u0131: \u0130\u00e7 ve d\u0131\u015f mekanlarda Yatay ve d\u00fc\u015fey y\u00fczeylerde, B\u00fcy\u00fck ebatl\u0131 yer ve duvar serami\u011fi, granit, granit seramik, mermer, klinker ve her t\u00fcrl\u00fc do\u011falta\u015f kaplama malzemesinin d\u00f6\u015fenmesinde, Yo\u011fun yaya trafi\u011fine maruz kalan i\u015fyerleri, al\u0131\u015fveri\u015f merkezleri, okul, hastane gibi mekanlarda, Alttan \u0131s\u0131tmal\u0131 sistemlerde, Eski granit ve mermer y\u00fczeyler \u00fczerine seramik kaplamas\u0131nda kullan\u0131l\u0131r<\/p>\n","protected":false},"featured_media":11608,"comment_status":"open","ping_status":"closed","template":"","meta":[],"product_brand":[531],"product_cat":[536,533,52],"product_tag":[],"class_list":{"0":"post-11607","1":"product","2":"type-product","3":"status-publish","4":"has-post-thumbnail","6":"product_brand-fixa","7":"product_cat-ceramic-adhesives","8":"product_cat-chemicals","9":"product_cat-building-materials","12":"instock","13":"shipping-taxable","14":"purchasable","15":"product-type-simple"},"_links":{"self":[{"href":"https:\/\/newhometr.com\/store\/wp-json\/wp\/v2\/product\/11607","targetHints":{"allow":["GET"]}}],"collection":[{"href":"https:\/\/newhometr.com\/store\/wp-json\/wp\/v2\/product"}],"about":[{"href":"https:\/\/newhometr.com\/store\/wp-json\/wp\/v2\/types\/product"}],"replies":[{"embeddable":true,"href":"https:\/\/newhometr.com\/store\/wp-json\/wp\/v2\/comments?post=11607"}],"version-history":[{"count":2,"href":"https:\/\/newhometr.com\/store\/wp-json\/wp\/v2\/product\/11607\/revisions"}],"predecessor-version":[{"id":11610,"href":"https:\/\/newhometr.com\/store\/wp-json\/wp\/v2\/product\/11607\/revisions\/11610"}],"wp:featuredmedia":[{"embeddable":true,"href":"https:\/\/newhometr.com\/store\/wp-json\/wp\/v2\/media\/11608"}],"wp:attachment":[{"href":"https:\/\/newhometr.com\/store\/wp-json\/wp\/v2\/media?parent=11607"}],"wp:term":[{"taxonomy":"product_brand","embeddable":true,"href":"https:\/\/newhometr.com\/store\/wp-json\/wp\/v2\/product_brand?post=11607"},{"taxonomy":"product_cat","embeddable":true,"href":"https:\/\/newhometr.com\/store\/wp-json\/wp\/v2\/product_cat?post=11607"},{"taxonomy":"product_tag","embeddable":true,"href":"https:\/\/newhometr.com\/store\/wp-json\/wp\/v2\/product_tag?post=11607"}],"curies":[{"name":"wp","href":"https:\/\/api.w.org\/{rel}","templated":true}]}}