{"id":11600,"date":"2025-08-13T18:24:38","date_gmt":"2025-08-13T18:24:38","guid":{"rendered":"https:\/\/newhometr.com\/store\/?post_type=product&#038;p=11600"},"modified":"2025-08-13T19:39:52","modified_gmt":"2025-08-13T19:39:52","slug":"fixa-monofloor-100-tesviye-sapi-c25-e-25kg","status":"publish","type":"product","link":"https:\/\/newhometr.com\/store\/product\/fixa-monofloor-100-tesviye-sapi-c25-e-25kg\/","title":{"rendered":"Fixa Monofloor 100 Tesviye \u015eap\u0131 C25\/E 25kg"},"content":{"rendered":"<p>Tan\u0131m\u0131 ve Kullan\u0131m Alanlar\u0131:Y\u00fczeydeki bozukluklar\u0131 ve istenmeyen p\u00fcr\u00fczleri ortadan kald\u0131ran bir zemin tesviye \u015fap\u0131d\u0131r. \u00c7imento esasl\u0131d\u0131r, kendili\u011finden yay\u0131l\u0131r (self-levelling). Konutlar, hastaneler, e\u011fitim binalar\u0131n, al\u0131\u015fveri\u015f merkezleri, ma\u011fazalar ve marketler gibi i\u00e7 mekan ve kuru ortamlarda kullan\u0131l\u0131r. Seramik, granit, mermer, ah\u015fap, parke, laminat, hal\u0131 ve PVC kaplamalar\u0131n d\u00f6\u015fenmesinden \u00f6nce y\u00fczeyi 3 &#8211; 10 mm kal\u0131nl\u0131\u011f\u0131nda tesviye etmek i\u00e7in uygundur.<\/p>\n<p>\u00d6zellikleri: H\u0131zl\u0131 ve kolay uygulan\u0131r. Kendili\u011finden yay\u0131larak teraziye gelir, alt zeminin p\u00fcr\u00fczlerini ortadan kald\u0131r\u0131r. Alttan \u0131s\u0131tmal\u0131 zeminler i\u00e7in uygundur. Eski beton zeminlerin \u00fczerine uygulanabilir. Ekonomiktir.<\/p>\n","protected":false},"excerpt":{"rendered":"<p>Tan\u0131m\u0131 ve Kullan\u0131m Alanlar\u0131:Y\u00fczeydeki bozukluklar\u0131 ve istenmeyen p\u00fcr\u00fczleri ortadan kald\u0131ran bir zemin tesviye \u015fap\u0131d\u0131r. \u00c7imento esasl\u0131d\u0131r, kendili\u011finden yay\u0131l\u0131r (self-levelling). Konutlar, hastaneler, e\u011fitim binalar\u0131n, al\u0131\u015fveri\u015f merkezleri, ma\u011fazalar ve marketler gibi i\u00e7 mekan ve kuru ortamlarda kullan\u0131l\u0131r. Seramik, granit, mermer, ah\u015fap, parke, laminat, hal\u0131 ve PVC kaplamalar\u0131n d\u00f6\u015fenmesinden \u00f6nce y\u00fczeyi 3 &#8211; 10 mm kal\u0131nl\u0131\u011f\u0131nda tesviye etmek &hellip; <a href=\"https:\/\/newhometr.com\/store\/product\/fixa-monofloor-100-tesviye-sapi-c25-e-25kg\/\" class=\"more-link\">Continue reading <span class=\"screen-reader-text\">Fixa Monofloor 100 Tesviye \u015eap\u0131 C25\/E 25kg<\/span><\/a><\/p>\n","protected":false},"featured_media":11601,"comment_status":"open","ping_status":"closed","template":"","meta":[],"product_brand":[531],"product_cat":[533,534,52],"product_tag":[],"class_list":{"0":"post-11600","1":"product","2":"type-product","3":"status-publish","4":"has-post-thumbnail","6":"product_brand-fixa","7":"product_cat-chemicals","8":"product_cat-surface-preparation-and-cleaning-materials","9":"product_cat-building-materials","12":"instock","13":"shipping-taxable","14":"purchasable","15":"product-type-simple"},"_links":{"self":[{"href":"https:\/\/newhometr.com\/store\/wp-json\/wp\/v2\/product\/11600","targetHints":{"allow":["GET"]}}],"collection":[{"href":"https:\/\/newhometr.com\/store\/wp-json\/wp\/v2\/product"}],"about":[{"href":"https:\/\/newhometr.com\/store\/wp-json\/wp\/v2\/types\/product"}],"replies":[{"embeddable":true,"href":"https:\/\/newhometr.com\/store\/wp-json\/wp\/v2\/comments?post=11600"}],"version-history":[{"count":2,"href":"https:\/\/newhometr.com\/store\/wp-json\/wp\/v2\/product\/11600\/revisions"}],"predecessor-version":[{"id":11637,"href":"https:\/\/newhometr.com\/store\/wp-json\/wp\/v2\/product\/11600\/revisions\/11637"}],"wp:featuredmedia":[{"embeddable":true,"href":"https:\/\/newhometr.com\/store\/wp-json\/wp\/v2\/media\/11601"}],"wp:attachment":[{"href":"https:\/\/newhometr.com\/store\/wp-json\/wp\/v2\/media?parent=11600"}],"wp:term":[{"taxonomy":"product_brand","embeddable":true,"href":"https:\/\/newhometr.com\/store\/wp-json\/wp\/v2\/product_brand?post=11600"},{"taxonomy":"product_cat","embeddable":true,"href":"https:\/\/newhometr.com\/store\/wp-json\/wp\/v2\/product_cat?post=11600"},{"taxonomy":"product_tag","embeddable":true,"href":"https:\/\/newhometr.com\/store\/wp-json\/wp\/v2\/product_tag?post=11600"}],"curies":[{"name":"wp","href":"https:\/\/api.w.org\/{rel}","templated":true}]}}