{"id":11551,"date":"2025-08-03T06:34:54","date_gmt":"2025-08-03T06:34:54","guid":{"rendered":"https:\/\/newhometr.com\/store\/?post_type=product&#038;p=11551"},"modified":"2025-08-03T06:34:57","modified_gmt":"2025-08-03T06:34:57","slug":"rich-siyah-sapli-sari-sentetik-firca-frrich-043-2000","status":"publish","type":"product","link":"https:\/\/newhometr.com\/store\/product\/rich-siyah-sapli-sari-sentetik-firca-frrich-043-2000\/","title":{"rendered":"Rich Siyah Sapl\u0131 Sar\u0131 Sentetik F\u0131r\u00e7a FRRICH-043-2000"},"content":{"rendered":"<ul>\n<li>Hobby uygulamalar\u0131nda kullan\u0131lan yard\u0131mc\u0131 yan \u00fcr\u00fcnlerdir.<\/li>\n<li>Rich su bazl\u0131 boya, vernik grubu \u00fcr\u00fcnlerin istenilen y\u00fczeylere uygulanmas\u0131nda kullan\u0131lan \u00fcr\u00fcnlerdir.<\/li>\n<li>Yumu\u015fak sar\u0131 sentetik u\u00e7 zemin f\u0131r\u00e7as\u0131.<\/li>\n<\/ul>\n","protected":false},"excerpt":{"rendered":"<p>Siyah Sapl\u0131 Sar\u0131 Sentetik F\u0131r\u00e7a olduk\u00e7a kolay s\u00fcr\u00fclen bir \u00fcr\u00fcnd\u00fcr.<\/p>\n","protected":false},"featured_media":11552,"comment_status":"open","ping_status":"closed","template":"","meta":[],"product_brand":[],"product_cat":[473,474,38,57],"product_tag":[],"class_list":{"0":"post-11551","1":"product","2":"type-product","3":"status-publish","4":"has-post-thumbnail","6":"product_cat-painting-tools","7":"product_cat-painting-tools-paint","8":"product_cat-tools","9":"product_cat-paint","12":"instock","13":"shipping-taxable","14":"purchasable","15":"product-type-simple"},"_links":{"self":[{"href":"https:\/\/newhometr.com\/store\/wp-json\/wp\/v2\/product\/11551","targetHints":{"allow":["GET"]}}],"collection":[{"href":"https:\/\/newhometr.com\/store\/wp-json\/wp\/v2\/product"}],"about":[{"href":"https:\/\/newhometr.com\/store\/wp-json\/wp\/v2\/types\/product"}],"replies":[{"embeddable":true,"href":"https:\/\/newhometr.com\/store\/wp-json\/wp\/v2\/comments?post=11551"}],"version-history":[{"count":2,"href":"https:\/\/newhometr.com\/store\/wp-json\/wp\/v2\/product\/11551\/revisions"}],"predecessor-version":[{"id":11554,"href":"https:\/\/newhometr.com\/store\/wp-json\/wp\/v2\/product\/11551\/revisions\/11554"}],"wp:featuredmedia":[{"embeddable":true,"href":"https:\/\/newhometr.com\/store\/wp-json\/wp\/v2\/media\/11552"}],"wp:attachment":[{"href":"https:\/\/newhometr.com\/store\/wp-json\/wp\/v2\/media?parent=11551"}],"wp:term":[{"taxonomy":"product_brand","embeddable":true,"href":"https:\/\/newhometr.com\/store\/wp-json\/wp\/v2\/product_brand?post=11551"},{"taxonomy":"product_cat","embeddable":true,"href":"https:\/\/newhometr.com\/store\/wp-json\/wp\/v2\/product_cat?post=11551"},{"taxonomy":"product_tag","embeddable":true,"href":"https:\/\/newhometr.com\/store\/wp-json\/wp\/v2\/product_tag?post=11551"}],"curies":[{"name":"wp","href":"https:\/\/api.w.org\/{rel}","templated":true}]}}