{"id":11369,"date":"2025-07-28T13:51:46","date_gmt":"2025-07-28T13:51:46","guid":{"rendered":"https:\/\/newhometr.com\/store\/?post_type=product&#038;p=11369"},"modified":"2025-07-28T13:51:53","modified_gmt":"2025-07-28T13:51:53","slug":"kalde-125x110-atiksu-ci%cc%87ft-catal-45","status":"publish","type":"product","link":"https:\/\/newhometr.com\/store\/product\/kalde-125x110-atiksu-ci%cc%87ft-catal-45\/","title":{"rendered":"Kalde 125&#215;110 Atiksu \u00c7i\u0307ft \u00c7atal 45\u00b0"},"content":{"rendered":"<p>125X110 ATIKSU \u00c7\u0130FT \u00c7ATAL 45\u00b0<\/p>\n","protected":false},"excerpt":{"rendered":"<p>125X110 ATIKSU \u00c7\u0130FT \u00c7ATAL 45\u00b0<\/p>\n","protected":false},"featured_media":11370,"comment_status":"open","ping_status":"closed","template":"","meta":[],"product_brand":[],"product_cat":[527,52,53],"product_tag":[],"class_list":{"0":"post-11369","1":"product","2":"type-product","3":"status-publish","4":"has-post-thumbnail","6":"product_cat-establishment-materials","7":"product_cat-building-materials","8":"product_cat-plumbing","11":"instock","12":"shipping-taxable","13":"purchasable","14":"product-type-simple"},"_links":{"self":[{"href":"https:\/\/newhometr.com\/store\/wp-json\/wp\/v2\/product\/11369","targetHints":{"allow":["GET"]}}],"collection":[{"href":"https:\/\/newhometr.com\/store\/wp-json\/wp\/v2\/product"}],"about":[{"href":"https:\/\/newhometr.com\/store\/wp-json\/wp\/v2\/types\/product"}],"replies":[{"embeddable":true,"href":"https:\/\/newhometr.com\/store\/wp-json\/wp\/v2\/comments?post=11369"}],"version-history":[{"count":1,"href":"https:\/\/newhometr.com\/store\/wp-json\/wp\/v2\/product\/11369\/revisions"}],"predecessor-version":[{"id":11371,"href":"https:\/\/newhometr.com\/store\/wp-json\/wp\/v2\/product\/11369\/revisions\/11371"}],"wp:featuredmedia":[{"embeddable":true,"href":"https:\/\/newhometr.com\/store\/wp-json\/wp\/v2\/media\/11370"}],"wp:attachment":[{"href":"https:\/\/newhometr.com\/store\/wp-json\/wp\/v2\/media?parent=11369"}],"wp:term":[{"taxonomy":"product_brand","embeddable":true,"href":"https:\/\/newhometr.com\/store\/wp-json\/wp\/v2\/product_brand?post=11369"},{"taxonomy":"product_cat","embeddable":true,"href":"https:\/\/newhometr.com\/store\/wp-json\/wp\/v2\/product_cat?post=11369"},{"taxonomy":"product_tag","embeddable":true,"href":"https:\/\/newhometr.com\/store\/wp-json\/wp\/v2\/product_tag?post=11369"}],"curies":[{"name":"wp","href":"https:\/\/api.w.org\/{rel}","templated":true}]}}