{"id":11341,"date":"2025-07-28T13:23:33","date_gmt":"2025-07-28T13:23:33","guid":{"rendered":"https:\/\/newhometr.com\/store\/?post_type=product&#038;p=11341"},"modified":"2025-08-13T19:47:07","modified_gmt":"2025-08-13T19:47:07","slug":"evdemo-deniz-rattan-puflu-bahce-balkon-takimi-311-kahve","status":"publish","type":"product","link":"https:\/\/newhometr.com\/store\/product\/evdemo-deniz-rattan-puflu-bahce-balkon-takimi-311-kahve\/","title":{"rendered":"Evdemo Deniz Rattan Puflu Bah\u00e7e Balkon Tak\u0131m\u0131 3+1+1 Kahve"},"content":{"rendered":"<p>\u00dcr\u00fcn i\u00e7eri\u011fi: 1 adet 3\u2019l\u00fc koltuk 2 adet tekli koltuk 2 adet puf 1 adet caml\u0131 masa \u00dcr\u00fcn metal iskelettir. \u00d6rg\u00fc malzemesi 1. s\u0131n\u0131f orjinaldir. 22 dns S\u00fcnger kullan\u0131lm\u0131\u015ft\u0131r. Oturum ve s\u0131rt minderlerinde Su itici imperteks kuma\u015f kullan\u0131lm\u0131\u015ft\u0131r. Masada temperli cam kullan\u0131lm\u0131\u015ft\u0131r. K\u0131rlent k\u0131s\u0131mlar\u0131 s\u00fcnger k\u0131rp\u0131k- elyaf kar\u0131\u015f\u0131m malzemedir. Metal Yerle temas etmemesi i\u00e7in plastik takoz kullan\u0131lm\u0131\u015ft\u0131r. \u00dcr\u00fcn balonlu ambalaj ile kurulu olarak teslim edilmektedir. 2 Y\u0131l Garantilidir<\/p>\n","protected":false},"excerpt":{"rendered":"<p>\u00dcr\u00fcn i\u00e7eri\u011fi: 1 adet 3\u2019l\u00fc koltuk 2 adet tekli koltuk 2 adet puf 1 adet caml\u0131 masa \u00dcr\u00fcn metal iskelettir. \u00d6rg\u00fc malzemesi 1. s\u0131n\u0131f orjinaldir. 22 dns S\u00fcnger kullan\u0131lm\u0131\u015ft\u0131r. Oturum ve s\u0131rt minderlerinde Su itici imperteks kuma\u015f kullan\u0131lm\u0131\u015ft\u0131r. Masada temperli cam kullan\u0131lm\u0131\u015ft\u0131r. K\u0131rlent k\u0131s\u0131mlar\u0131 s\u00fcnger k\u0131rp\u0131k- elyaf kar\u0131\u015f\u0131m malzemedir. Metal Yerle temas etmemesi i\u00e7in plastik &hellip; <a href=\"https:\/\/newhometr.com\/store\/product\/evdemo-deniz-rattan-puflu-bahce-balkon-takimi-311-kahve\/\" class=\"more-link\">Continue reading <span class=\"screen-reader-text\">Evdemo Deniz Rattan Puflu Bah\u00e7e Balkon Tak\u0131m\u0131 3+1+1 Kahve<\/span><\/a><\/p>\n","protected":false},"featured_media":11342,"comment_status":"open","ping_status":"closed","template":"","meta":[],"product_brand":[],"product_cat":[529,38],"product_tag":[],"class_list":{"0":"post-11341","1":"product","2":"type-product","3":"status-publish","4":"has-post-thumbnail","6":"product_cat-home","7":"product_cat-tools","10":"instock","11":"shipping-taxable","12":"purchasable","13":"product-type-simple"},"_links":{"self":[{"href":"https:\/\/newhometr.com\/store\/wp-json\/wp\/v2\/product\/11341","targetHints":{"allow":["GET"]}}],"collection":[{"href":"https:\/\/newhometr.com\/store\/wp-json\/wp\/v2\/product"}],"about":[{"href":"https:\/\/newhometr.com\/store\/wp-json\/wp\/v2\/types\/product"}],"replies":[{"embeddable":true,"href":"https:\/\/newhometr.com\/store\/wp-json\/wp\/v2\/comments?post=11341"}],"version-history":[{"count":1,"href":"https:\/\/newhometr.com\/store\/wp-json\/wp\/v2\/product\/11341\/revisions"}],"predecessor-version":[{"id":11348,"href":"https:\/\/newhometr.com\/store\/wp-json\/wp\/v2\/product\/11341\/revisions\/11348"}],"wp:featuredmedia":[{"embeddable":true,"href":"https:\/\/newhometr.com\/store\/wp-json\/wp\/v2\/media\/11342"}],"wp:attachment":[{"href":"https:\/\/newhometr.com\/store\/wp-json\/wp\/v2\/media?parent=11341"}],"wp:term":[{"taxonomy":"product_brand","embeddable":true,"href":"https:\/\/newhometr.com\/store\/wp-json\/wp\/v2\/product_brand?post=11341"},{"taxonomy":"product_cat","embeddable":true,"href":"https:\/\/newhometr.com\/store\/wp-json\/wp\/v2\/product_cat?post=11341"},{"taxonomy":"product_tag","embeddable":true,"href":"https:\/\/newhometr.com\/store\/wp-json\/wp\/v2\/product_tag?post=11341"}],"curies":[{"name":"wp","href":"https:\/\/api.w.org\/{rel}","templated":true}]}}