{"id":11291,"date":"2025-07-28T12:32:20","date_gmt":"2025-07-28T12:32:20","guid":{"rendered":"https:\/\/newhometr.com\/store\/?post_type=product&#038;p=11291"},"modified":"2025-07-28T12:32:21","modified_gmt":"2025-07-28T12:32:21","slug":"kalde-mop-05-di%cc%87si%cc%87-kuresel-dogalgaz-vanasi-1-1-2-kollu","status":"publish","type":"product","link":"https:\/\/newhometr.com\/store\/product\/kalde-mop-05-di%cc%87si%cc%87-kuresel-dogalgaz-vanasi-1-1-2-kollu\/","title":{"rendered":"Kalde Mop 0,5 Di\u0307\u015fi\u0307 K\u00fcresel Do\u011falgaz Vanasi 1 1\/2 Kollu"},"content":{"rendered":"<p>KALDE MOP 0,5 D\u0130\u015e\u0130 K\u00dcRESEL DO\u011eALGAZ VANASI 1 1\/2 KOLLU<\/p>\n<p>KALDE MOP 0,5 D\u0130\u015e\u0130 K\u00dcRESEL DO\u011eALGAZ VANASI 1 1\/2 KOLLU, y\u00fcksek kaliteli malzemelerden \u00fcretilmi\u015f, dayan\u0131kl\u0131 ve g\u00fcvenilir bir do\u011falgaz vanas\u0131d\u0131r.<\/p>\n<p>KALDE MOP 0,5 D\u0130\u015e\u0130 K\u00dcRESEL DO\u011eALGAZ VANASI 1 1\/2 KOLLU Kullan\u0131m Alanlar\u0131:<br \/>\nKALDE MOP 0,5 D\u0130\u015e\u0130 K\u00dcRESEL DO\u011eALGAZ VANASI 1 1\/2 KOLLU, do\u011falgaz tesisatlar\u0131nda g\u00fcvenli bir \u015fekilde gaz ak\u0131\u015f\u0131n\u0131 kontrol etmek i\u00e7in kullan\u0131l\u0131r.<\/p>\n<p>KALDE MOP 0,5 D\u0130\u015e\u0130 K\u00dcRESEL DO\u011eALGAZ VANASI 1 1\/2 KOLLU S\u0131k Sorulan Sorular:<br \/>\n1- KALDE MOP 0,5 D\u0130\u015e\u0130 K\u00dcRESEL DO\u011eALGAZ VANASI 1 1\/2 KOLLU \u00d6zellikleri nelerdir?<br \/>\nY\u00fcksek kaliteli malzemelerden \u00fcretilmi\u015f, dayan\u0131kl\u0131 ve g\u00fcvenilir bir do\u011falgaz vanas\u0131d\u0131r.<\/p>\n<p>2- KALDE MOP 0,5 D\u0130\u015e\u0130 K\u00dcRESEL DO\u011eALGAZ VANASI 1 1\/2 KOLLU Hangi alanlarda kullan\u0131labilir?<br \/>\nDo\u011falgaz tesisatlar\u0131nda g\u00fcvenli bir \u015fekilde gaz ak\u0131\u015f\u0131n\u0131 kontrol etmek i\u00e7in kullan\u0131labilir.<\/p>\n<p>3- KALDE MOP 0,5 D\u0130\u015e\u0130 K\u00dcRESEL DO\u011eALGAZ VANASI 1 1\/2 KOLLU Nas\u0131l temizlenir ve bak\u0131m\u0131 yap\u0131l\u0131r?<br \/>\nKullan\u0131m sonras\u0131 vana ve \u00e7evresi temiz bir bez ile silinebilir. Periyodik bak\u0131m i\u00e7in profesyonel destek al\u0131nmas\u0131 \u00f6nerilir.<\/p>\n<ul>\n<li>KALDE MOP 0,5 D\u0130\u015e\u0130 K\u00dcRESEL DO\u011eALGAZ VANASI 1 1\/2 KOLLU Teknik \u00d6zellikleri:<\/li>\n<li>Malzeme: Y\u00fcksek kaliteli metal<\/li>\n<li>Boyut: 1 1\/2 in\u00e7<\/li>\n<li>Kullan\u0131m: Do\u011falgaz tesisatlar\u0131<\/li>\n<\/ul>\n","protected":false},"excerpt":{"rendered":"<p>KALDE MOP 0,5 D\u0130\u015e\u0130 K\u00dcRESEL DO\u011eALGAZ VANASI 1 1\/2 KOLLU KALDE MOP 0,5 D\u0130\u015e\u0130 K\u00dcRESEL DO\u011eALGAZ VANASI 1 1\/2 KOLLU, y\u00fcksek kaliteli malzemelerden \u00fcretilmi\u015f, dayan\u0131kl\u0131 ve g\u00fcvenilir bir do\u011falgaz vanas\u0131d\u0131r. KALDE MOP 0,5 D\u0130\u015e\u0130 K\u00dcRESEL DO\u011eALGAZ VANASI 1 1\/2 KOLLU Kullan\u0131m Alanlar\u0131: KALDE MOP 0,5 D\u0130\u015e\u0130 K\u00dcRESEL DO\u011eALGAZ VANASI 1 1\/2 KOLLU, do\u011falgaz tesisatlar\u0131nda g\u00fcvenli &hellip; <a href=\"https:\/\/newhometr.com\/store\/product\/kalde-mop-05-di%cc%87si%cc%87-kuresel-dogalgaz-vanasi-1-1-2-kollu\/\" class=\"more-link\">Continue reading <span class=\"screen-reader-text\">Kalde Mop 0,5 Di\u0307\u015fi\u0307 K\u00fcresel Do\u011falgaz Vanasi 1 1\/2 Kollu<\/span><\/a><\/p>\n","protected":false},"featured_media":11292,"comment_status":"open","ping_status":"closed","template":"","meta":[],"product_brand":[],"product_cat":[525,53],"product_tag":[],"class_list":{"0":"post-11291","1":"product","2":"type-product","3":"status-publish","4":"has-post-thumbnail","6":"product_cat-heating-accessories","7":"product_cat-plumbing","10":"instock","11":"shipping-taxable","12":"purchasable","13":"product-type-simple"},"_links":{"self":[{"href":"https:\/\/newhometr.com\/store\/wp-json\/wp\/v2\/product\/11291","targetHints":{"allow":["GET"]}}],"collection":[{"href":"https:\/\/newhometr.com\/store\/wp-json\/wp\/v2\/product"}],"about":[{"href":"https:\/\/newhometr.com\/store\/wp-json\/wp\/v2\/types\/product"}],"replies":[{"embeddable":true,"href":"https:\/\/newhometr.com\/store\/wp-json\/wp\/v2\/comments?post=11291"}],"version-history":[{"count":2,"href":"https:\/\/newhometr.com\/store\/wp-json\/wp\/v2\/product\/11291\/revisions"}],"predecessor-version":[{"id":11294,"href":"https:\/\/newhometr.com\/store\/wp-json\/wp\/v2\/product\/11291\/revisions\/11294"}],"wp:featuredmedia":[{"embeddable":true,"href":"https:\/\/newhometr.com\/store\/wp-json\/wp\/v2\/media\/11292"}],"wp:attachment":[{"href":"https:\/\/newhometr.com\/store\/wp-json\/wp\/v2\/media?parent=11291"}],"wp:term":[{"taxonomy":"product_brand","embeddable":true,"href":"https:\/\/newhometr.com\/store\/wp-json\/wp\/v2\/product_brand?post=11291"},{"taxonomy":"product_cat","embeddable":true,"href":"https:\/\/newhometr.com\/store\/wp-json\/wp\/v2\/product_cat?post=11291"},{"taxonomy":"product_tag","embeddable":true,"href":"https:\/\/newhometr.com\/store\/wp-json\/wp\/v2\/product_tag?post=11291"}],"curies":[{"name":"wp","href":"https:\/\/api.w.org\/{rel}","templated":true}]}}