{"id":11161,"date":"2025-07-13T18:38:14","date_gmt":"2025-07-13T18:38:14","guid":{"rendered":"https:\/\/newhometr.com\/store\/?post_type=product&#038;p=11161"},"modified":"2025-07-14T11:18:37","modified_gmt":"2025-07-14T11:18:37","slug":"jotashield-yuzey-guclendirici-astar-solvent-bazli","status":"publish","type":"product","link":"https:\/\/newhometr.com\/store\/product\/jotashield-yuzey-guclendirici-astar-solvent-bazli\/","title":{"rendered":"Jotashield Y\u00fczey G\u00fc\u00e7lendirici Astar (Solvent Bazl\u0131)"},"content":{"rendered":"<p>Jotashield Y\u00fczey G\u00fc\u00e7lendirici Astar Solvent Bazl\u0131, y\u00fcksek alkali dayan\u0131m\u0131na ve m\u00fckemmel n\u00fcfuz \u00f6zelli\u011fine sahip solvent bazl\u0131 d\u0131\u015f cephe astar\u0131d\u0131r.Y\u00fczeydeki gev\u015fek ve tozuyan zeminlerin sa\u011flamla\u015ft\u0131r\u0131lmas\u0131 i\u00e7in kullan\u0131l\u0131r.\u0130\u00e7erdi\u011fi solvent nedeniyle mantolama yap\u0131lm\u0131\u015f y\u00fczeylerde kullan\u0131lmas\u0131 tavsiye edilmez.<\/p>\n<p><strong>M\u00fckemmel y\u00fczeyler<\/strong><br \/>\nJotashield Y\u00fczey G\u00fc\u00e7lendirici Astar Solvent Bazl\u0131, son kat boya uygulamas\u0131 i\u00e7in m\u00fckemmel bir zemin olu\u015fturur. Y\u00fczeye \u00e7ok iyi yap\u0131\u015farak derinlemesine n\u00fcfuz eder. Br\u00fct beton ve prekast y\u00fczeylerde kullan\u0131ma uygundur.<\/p>\n<ul>\n<li>Solvent bazl\u0131 d\u0131\u015f cephe astar\u0131d\u0131r.<\/li>\n<li>Y\u00fczeye m\u00fckemmel n\u00fcfuz \u00f6zelli\u011fi<\/li>\n<\/ul>\n","protected":false},"excerpt":{"rendered":"<p>Jotashield Y\u00fczey G\u00fc\u00e7lendirici Astar Solvent Bazl\u0131, y\u00fcksek alkali dayan\u0131m\u0131na ve m\u00fckemmel n\u00fcfuz \u00f6zelli\u011fine sahip solvent bazl\u0131 d\u0131\u015f cephe astar\u0131d\u0131r.Y\u00fczeydeki gev\u015fek ve tozuyan zeminlerin sa\u011flamla\u015ft\u0131r\u0131lmas\u0131 i\u00e7in kullan\u0131l\u0131r.\u0130\u00e7erdi\u011fi solvent nedeniyle mantolama yap\u0131lm\u0131\u015f y\u00fczeylerde kullan\u0131lmas\u0131 tavsiye edilmez. M\u00fckemmel y\u00fczeyler Jotashield Y\u00fczey G\u00fc\u00e7lendirici Astar Solvent Bazl\u0131, son kat boya uygulamas\u0131 i\u00e7in m\u00fckemmel bir zemin olu\u015fturur. Y\u00fczeye \u00e7ok iyi yap\u0131\u015farak &hellip; <a href=\"https:\/\/newhometr.com\/store\/product\/jotashield-yuzey-guclendirici-astar-solvent-bazli\/\" class=\"more-link\">Continue reading <span class=\"screen-reader-text\">Jotashield Y\u00fczey G\u00fc\u00e7lendirici Astar (Solvent Bazl\u0131)<\/span><\/a><\/p>\n","protected":false},"featured_media":11162,"comment_status":"open","ping_status":"closed","template":"","meta":[],"product_brand":[515],"product_cat":[516,57],"product_tag":[],"class_list":{"0":"post-11161","1":"product","2":"type-product","3":"status-publish","4":"has-post-thumbnail","6":"product_brand-jotun","7":"product_cat-jotun","8":"product_cat-paint","9":"pa_size-15-lt","12":"instock","13":"shipping-taxable","14":"purchasable","15":"product-type-variable"},"_links":{"self":[{"href":"https:\/\/newhometr.com\/store\/wp-json\/wp\/v2\/product\/11161","targetHints":{"allow":["GET"]}}],"collection":[{"href":"https:\/\/newhometr.com\/store\/wp-json\/wp\/v2\/product"}],"about":[{"href":"https:\/\/newhometr.com\/store\/wp-json\/wp\/v2\/types\/product"}],"replies":[{"embeddable":true,"href":"https:\/\/newhometr.com\/store\/wp-json\/wp\/v2\/comments?post=11161"}],"version-history":[{"count":2,"href":"https:\/\/newhometr.com\/store\/wp-json\/wp\/v2\/product\/11161\/revisions"}],"predecessor-version":[{"id":11194,"href":"https:\/\/newhometr.com\/store\/wp-json\/wp\/v2\/product\/11161\/revisions\/11194"}],"wp:featuredmedia":[{"embeddable":true,"href":"https:\/\/newhometr.com\/store\/wp-json\/wp\/v2\/media\/11162"}],"wp:attachment":[{"href":"https:\/\/newhometr.com\/store\/wp-json\/wp\/v2\/media?parent=11161"}],"wp:term":[{"taxonomy":"product_brand","embeddable":true,"href":"https:\/\/newhometr.com\/store\/wp-json\/wp\/v2\/product_brand?post=11161"},{"taxonomy":"product_cat","embeddable":true,"href":"https:\/\/newhometr.com\/store\/wp-json\/wp\/v2\/product_cat?post=11161"},{"taxonomy":"product_tag","embeddable":true,"href":"https:\/\/newhometr.com\/store\/wp-json\/wp\/v2\/product_tag?post=11161"}],"curies":[{"name":"wp","href":"https:\/\/api.w.org\/{rel}","templated":true}]}}