{"id":10990,"date":"2025-07-10T16:25:50","date_gmt":"2025-07-10T16:25:50","guid":{"rendered":"https:\/\/newhometr.com\/store\/?post_type=product&#038;p=10990"},"modified":"2025-07-10T16:29:35","modified_gmt":"2025-07-10T16:29:35","slug":"fit-silikonlu","status":"publish","type":"product","link":"https:\/\/newhometr.com\/store\/product\/fit-silikonlu\/","title":{"rendered":"Fit Silikonlu"},"content":{"rendered":"<p>Su Bazl\u0131, rahats\u0131z edici kokusu olmayan, zamanla renk de\u011fi\u015fimi yapmayan, sararmayan, y\u00fcksek kapama ve iyi yap\u0131\u015fma \u00f6zelliklerine sahip , son kat mat i\u00e7 cephe duvar boyas\u0131d\u0131r.<\/p>\n","protected":false},"excerpt":{"rendered":"<p>Su Bazl\u0131, rahats\u0131z edici kokusu olmayan, zamanla renk de\u011fi\u015fimi yapmayan, sararmayan, y\u00fcksek kapama ve iyi yap\u0131\u015fma \u00f6zelliklerine sahip , son kat mat i\u00e7 cephe duvar boyas\u0131d\u0131r.<\/p>\n","protected":false},"featured_media":10983,"comment_status":"open","ping_status":"closed","template":"","meta":[],"product_brand":[],"product_cat":[497,57],"product_tag":[],"class_list":{"0":"post-10990","1":"product","2":"type-product","3":"status-publish","4":"has-post-thumbnail","6":"product_cat-marshall-boya","7":"product_cat-paint","8":"pa_size-10-kg","9":"pa_size-20-kg","10":"pa_size-3-5-kg","13":"instock","14":"shipping-taxable","15":"purchasable","16":"product-type-variable"},"_links":{"self":[{"href":"https:\/\/newhometr.com\/store\/wp-json\/wp\/v2\/product\/10990","targetHints":{"allow":["GET"]}}],"collection":[{"href":"https:\/\/newhometr.com\/store\/wp-json\/wp\/v2\/product"}],"about":[{"href":"https:\/\/newhometr.com\/store\/wp-json\/wp\/v2\/types\/product"}],"replies":[{"embeddable":true,"href":"https:\/\/newhometr.com\/store\/wp-json\/wp\/v2\/comments?post=10990"}],"version-history":[{"count":2,"href":"https:\/\/newhometr.com\/store\/wp-json\/wp\/v2\/product\/10990\/revisions"}],"predecessor-version":[{"id":10998,"href":"https:\/\/newhometr.com\/store\/wp-json\/wp\/v2\/product\/10990\/revisions\/10998"}],"wp:featuredmedia":[{"embeddable":true,"href":"https:\/\/newhometr.com\/store\/wp-json\/wp\/v2\/media\/10983"}],"wp:attachment":[{"href":"https:\/\/newhometr.com\/store\/wp-json\/wp\/v2\/media?parent=10990"}],"wp:term":[{"taxonomy":"product_brand","embeddable":true,"href":"https:\/\/newhometr.com\/store\/wp-json\/wp\/v2\/product_brand?post=10990"},{"taxonomy":"product_cat","embeddable":true,"href":"https:\/\/newhometr.com\/store\/wp-json\/wp\/v2\/product_cat?post=10990"},{"taxonomy":"product_tag","embeddable":true,"href":"https:\/\/newhometr.com\/store\/wp-json\/wp\/v2\/product_tag?post=10990"}],"curies":[{"name":"wp","href":"https:\/\/api.w.org\/{rel}","templated":true}]}}