{"id":10959,"date":"2025-07-08T13:24:55","date_gmt":"2025-07-08T13:24:55","guid":{"rendered":"https:\/\/newhometr.com\/store\/?post_type=product&#038;p=10959"},"modified":"2025-07-08T13:24:57","modified_gmt":"2025-07-08T13:24:57","slug":"tavan-boyasi","status":"publish","type":"product","link":"https:\/\/newhometr.com\/store\/product\/tavan-boyasi\/","title":{"rendered":"Tavan Boyas\u0131"},"content":{"rendered":"<p>Su Bazl\u0131, \u0130yi kapama ve m\u00fckemmel beyazl\u0131\u011fa sahip, nefes alabilen, kolay uygulanabilen, tavan boyamas\u0131nda kullan\u0131lmak \u00fczere \u00f6zel olarak form\u00fcle edilmi\u015f ve geli\u015ftirilmi\u015ftir.<\/p>\n","protected":false},"excerpt":{"rendered":"<p>Su Bazl\u0131, \u0130yi kapama ve m\u00fckemmel beyazl\u0131\u011fa sahip, nefes alabilen, kolay uygulanabilen, tavan boyamas\u0131nda kullan\u0131lmak \u00fczere \u00f6zel olarak form\u00fcle edilmi\u015f ve geli\u015ftirilmi\u015ftir.<\/p>\n","protected":false},"featured_media":10960,"comment_status":"open","ping_status":"closed","template":"","meta":[],"product_brand":[],"product_cat":[497,57],"product_tag":[],"class_list":{"0":"post-10959","1":"product","2":"type-product","3":"status-publish","4":"has-post-thumbnail","6":"product_cat-marshall-boya","7":"product_cat-paint","8":"pa_size-10-kg","9":"pa_size-175-kg","10":"pa_size-3-5-kg","13":"instock","14":"shipping-taxable","15":"purchasable","16":"product-type-variable"},"_links":{"self":[{"href":"https:\/\/newhometr.com\/store\/wp-json\/wp\/v2\/product\/10959","targetHints":{"allow":["GET"]}}],"collection":[{"href":"https:\/\/newhometr.com\/store\/wp-json\/wp\/v2\/product"}],"about":[{"href":"https:\/\/newhometr.com\/store\/wp-json\/wp\/v2\/types\/product"}],"replies":[{"embeddable":true,"href":"https:\/\/newhometr.com\/store\/wp-json\/wp\/v2\/comments?post=10959"}],"version-history":[{"count":1,"href":"https:\/\/newhometr.com\/store\/wp-json\/wp\/v2\/product\/10959\/revisions"}],"predecessor-version":[{"id":10964,"href":"https:\/\/newhometr.com\/store\/wp-json\/wp\/v2\/product\/10959\/revisions\/10964"}],"wp:featuredmedia":[{"embeddable":true,"href":"https:\/\/newhometr.com\/store\/wp-json\/wp\/v2\/media\/10960"}],"wp:attachment":[{"href":"https:\/\/newhometr.com\/store\/wp-json\/wp\/v2\/media?parent=10959"}],"wp:term":[{"taxonomy":"product_brand","embeddable":true,"href":"https:\/\/newhometr.com\/store\/wp-json\/wp\/v2\/product_brand?post=10959"},{"taxonomy":"product_cat","embeddable":true,"href":"https:\/\/newhometr.com\/store\/wp-json\/wp\/v2\/product_cat?post=10959"},{"taxonomy":"product_tag","embeddable":true,"href":"https:\/\/newhometr.com\/store\/wp-json\/wp\/v2\/product_tag?post=10959"}],"curies":[{"name":"wp","href":"https:\/\/api.w.org\/{rel}","templated":true}]}}