{"id":10947,"date":"2025-07-08T13:13:03","date_gmt":"2025-07-08T13:13:03","guid":{"rendered":"https:\/\/newhometr.com\/store\/?post_type=product&#038;p=10947"},"modified":"2025-07-08T13:13:05","modified_gmt":"2025-07-08T13:13:05","slug":"plastik-mat","status":"publish","type":"product","link":"https:\/\/newhometr.com\/store\/product\/plastik-mat\/","title":{"rendered":"Plastik Mat"},"content":{"rendered":"<p>Su bazl\u0131, y\u00fcksek kapama ve m\u00fckemmel beyazl\u0131\u011fa sahip, kolay uygulanabilen, iyi yap\u0131\u015fma \u00f6zelli\u011fine sahip, son kat, mat i\u00e7 cephe duvar boyas\u0131d\u0131r.<\/p>\n","protected":false},"excerpt":{"rendered":"<p>Su bazl\u0131, y\u00fcksek kapama ve m\u00fckemmel beyazl\u0131\u011fa sahip, kolay uygulanabilen, iyi yap\u0131\u015fma \u00f6zelli\u011fine sahip, son kat, mat i\u00e7 cephe duvar boyas\u0131d\u0131r.<\/p>\n","protected":false},"featured_media":10948,"comment_status":"open","ping_status":"closed","template":"","meta":[],"product_brand":[],"product_cat":[497,57],"product_tag":[],"class_list":{"0":"post-10947","1":"product","2":"type-product","3":"status-publish","4":"has-post-thumbnail","6":"product_cat-marshall-boya","7":"product_cat-paint","8":"pa_size-15-l","9":"pa_size-25-l","10":"pa_size-75-l","13":"instock","14":"shipping-taxable","15":"purchasable","16":"product-type-variable"},"_links":{"self":[{"href":"https:\/\/newhometr.com\/store\/wp-json\/wp\/v2\/product\/10947","targetHints":{"allow":["GET"]}}],"collection":[{"href":"https:\/\/newhometr.com\/store\/wp-json\/wp\/v2\/product"}],"about":[{"href":"https:\/\/newhometr.com\/store\/wp-json\/wp\/v2\/types\/product"}],"replies":[{"embeddable":true,"href":"https:\/\/newhometr.com\/store\/wp-json\/wp\/v2\/comments?post=10947"}],"version-history":[{"count":1,"href":"https:\/\/newhometr.com\/store\/wp-json\/wp\/v2\/product\/10947\/revisions"}],"predecessor-version":[{"id":10952,"href":"https:\/\/newhometr.com\/store\/wp-json\/wp\/v2\/product\/10947\/revisions\/10952"}],"wp:featuredmedia":[{"embeddable":true,"href":"https:\/\/newhometr.com\/store\/wp-json\/wp\/v2\/media\/10948"}],"wp:attachment":[{"href":"https:\/\/newhometr.com\/store\/wp-json\/wp\/v2\/media?parent=10947"}],"wp:term":[{"taxonomy":"product_brand","embeddable":true,"href":"https:\/\/newhometr.com\/store\/wp-json\/wp\/v2\/product_brand?post=10947"},{"taxonomy":"product_cat","embeddable":true,"href":"https:\/\/newhometr.com\/store\/wp-json\/wp\/v2\/product_cat?post=10947"},{"taxonomy":"product_tag","embeddable":true,"href":"https:\/\/newhometr.com\/store\/wp-json\/wp\/v2\/product_tag?post=10947"}],"curies":[{"name":"wp","href":"https:\/\/api.w.org\/{rel}","templated":true}]}}