{"id":10891,"date":"2025-07-06T17:51:25","date_gmt":"2025-07-06T17:51:25","guid":{"rendered":"https:\/\/newhometr.com\/store\/?post_type=product&#038;p=10891"},"modified":"2025-07-06T17:51:27","modified_gmt":"2025-07-06T17:51:27","slug":"protect-silikonlu-flat","status":"publish","type":"product","link":"https:\/\/newhometr.com\/store\/product\/protect-silikonlu-flat\/","title":{"rendered":"Protect Silikonlu Flat"},"content":{"rendered":"<p>Silikon modifiye lateks ba\u011flay\u0131c\u0131 yap\u0131s\u0131nda, nefes alma \u00f6zelli\u011fi (su buhar\u0131 ge\u00e7irgenli\u011fi) y\u00fcksek, su ge\u00e7irme (su emme) \u00f6zelli\u011fi \u00e7ok d\u00fc\u015f\u00fckt\u00fcr. Kaliteli<br \/>\ntitanyum bile\u015fiklerini i\u00e7erir. Atmosfer ko\u015fullar\u0131na, g\u00fcne\u015f \u0131\u015f\u0131nlar\u0131na, s\u00fcrt\u00fcnme ve a\u015f\u0131nmaya dayan\u0131kl\u0131, uyguland\u0131\u011f\u0131 y\u00fczeylerde y\u0131llarca dayan\u0131m sa\u011flayan, kir<br \/>\ntutmama \u00f6zelli\u011fi ile estetik g\u00f6r\u00fcn\u00fcm\u00fcn sa\u011flayan, zamanla renk de\u011fi\u015fimini engelleyen, uygulama kolayl\u0131\u011f\u0131 ve kapatma g\u00fcc\u00fc m\u00fckemmel, uzun \u00f6m\u00fcrl\u00fc d\u0131\u015f<br \/>\ncephe duvar boyas\u0131d\u0131r.<\/p>\n","protected":false},"excerpt":{"rendered":"<p>Silikon modifiye lateks ba\u011flay\u0131c\u0131 yap\u0131s\u0131nda, nefes alma \u00f6zelli\u011fi (su buhar\u0131 ge\u00e7irgenli\u011fi) y\u00fcksek, su ge\u00e7irme (su emme) \u00f6zelli\u011fi \u00e7ok d\u00fc\u015f\u00fckt\u00fcr. Kaliteli titanyum bile\u015fiklerini i\u00e7erir. Atmosfer ko\u015fullar\u0131na, g\u00fcne\u015f \u0131\u015f\u0131nlar\u0131na, s\u00fcrt\u00fcnme ve a\u015f\u0131nmaya dayan\u0131kl\u0131, uyguland\u0131\u011f\u0131 y\u00fczeylerde y\u0131llarca dayan\u0131m sa\u011flayan, kir tutmama \u00f6zelli\u011fi ile estetik g\u00f6r\u00fcn\u00fcm\u00fcn sa\u011flayan, zamanla renk de\u011fi\u015fimini engelleyen, uygulama kolayl\u0131\u011f\u0131 ve kapatma g\u00fcc\u00fc m\u00fckemmel, uzun \u00f6m\u00fcrl\u00fc &hellip; <a href=\"https:\/\/newhometr.com\/store\/product\/protect-silikonlu-flat\/\" class=\"more-link\">Continue reading <span class=\"screen-reader-text\">Protect Silikonlu Flat<\/span><\/a><\/p>\n","protected":false},"featured_media":10895,"comment_status":"open","ping_status":"closed","template":"","meta":[],"product_brand":[],"product_cat":[497,57],"product_tag":[],"class_list":{"0":"post-10891","1":"product","2":"type-product","3":"status-publish","4":"has-post-thumbnail","6":"product_cat-marshall-boya","7":"product_cat-paint","8":"pa_size-15-l","9":"pa_size-25-l","10":"pa_size-75-l","13":"instock","14":"shipping-taxable","15":"purchasable","16":"product-type-variable"},"_links":{"self":[{"href":"https:\/\/newhometr.com\/store\/wp-json\/wp\/v2\/product\/10891","targetHints":{"allow":["GET"]}}],"collection":[{"href":"https:\/\/newhometr.com\/store\/wp-json\/wp\/v2\/product"}],"about":[{"href":"https:\/\/newhometr.com\/store\/wp-json\/wp\/v2\/types\/product"}],"replies":[{"embeddable":true,"href":"https:\/\/newhometr.com\/store\/wp-json\/wp\/v2\/comments?post=10891"}],"version-history":[{"count":1,"href":"https:\/\/newhometr.com\/store\/wp-json\/wp\/v2\/product\/10891\/revisions"}],"predecessor-version":[{"id":10896,"href":"https:\/\/newhometr.com\/store\/wp-json\/wp\/v2\/product\/10891\/revisions\/10896"}],"wp:featuredmedia":[{"embeddable":true,"href":"https:\/\/newhometr.com\/store\/wp-json\/wp\/v2\/media\/10895"}],"wp:attachment":[{"href":"https:\/\/newhometr.com\/store\/wp-json\/wp\/v2\/media?parent=10891"}],"wp:term":[{"taxonomy":"product_brand","embeddable":true,"href":"https:\/\/newhometr.com\/store\/wp-json\/wp\/v2\/product_brand?post=10891"},{"taxonomy":"product_cat","embeddable":true,"href":"https:\/\/newhometr.com\/store\/wp-json\/wp\/v2\/product_cat?post=10891"},{"taxonomy":"product_tag","embeddable":true,"href":"https:\/\/newhometr.com\/store\/wp-json\/wp\/v2\/product_tag?post=10891"}],"curies":[{"name":"wp","href":"https:\/\/api.w.org\/{rel}","templated":true}]}}