{"id":10645,"date":"2025-06-29T18:00:43","date_gmt":"2025-06-29T18:00:43","guid":{"rendered":"https:\/\/newhometr.com\/store\/?post_type=product&#038;p=10645"},"modified":"2025-06-29T18:00:44","modified_gmt":"2025-06-29T18:00:44","slug":"grohe-start-loop-eviye-bataryasi","status":"publish","type":"product","link":"https:\/\/newhometr.com\/store\/product\/grohe-start-loop-eviye-bataryasi\/","title":{"rendered":"Grohe Start Loop Eviye Bataryas\u0131"},"content":{"rendered":"<ul>\n<li>Tek delikli montaj imkan\u0131 ve QuickFix h\u0131zl\u0131 montaj sistemi sayesinde Grohe kalitesi kolayca evinize geliyor!<\/li>\n<li>D\u00f6ner \u00e7\u0131k\u0131\u015f ucuna sahip Grohe Start Loop, uzun \u00f6m\u00fcrl\u00fc 28 mm seramik kartu\u015fu, perlat\u00f6r\u00fc, spiral ba\u011flant\u0131 hortumlar\u0131 ve metal kumanda kolu ile mutfa\u011f\u0131n\u0131zda kal\u0131c\u0131 bir kalite yaratacak!<\/li>\n<li>Malzeme: Krom kaplama<\/li>\n<li>Kartu\u015f: 28 mm<\/li>\n<\/ul>\n","protected":false},"excerpt":{"rendered":"<p>Tek delikli montaj imkan\u0131 ve QuickFix h\u0131zl\u0131 montaj sistemi sayesinde Grohe kalitesi kolayca evinize geliyor! D\u00f6ner \u00e7\u0131k\u0131\u015f ucuna sahip Grohe Start Loop, uzun \u00f6m\u00fcrl\u00fc 28 mm seramik kartu\u015fu, perlat\u00f6r\u00fc, spiral ba\u011flant\u0131 hortumlar\u0131 ve metal kumanda kolu ile mutfa\u011f\u0131n\u0131zda kal\u0131c\u0131 bir kalite yaratacak! Malzeme: Krom kaplama Kartu\u015f: 28 mm<\/p>\n","protected":false},"featured_media":10646,"comment_status":"open","ping_status":"closed","template":"","meta":[],"product_brand":[],"product_cat":[475,53],"product_tag":[],"class_list":{"0":"post-10645","1":"product","2":"type-product","3":"status-publish","4":"has-post-thumbnail","6":"product_cat-faucet","7":"product_cat-plumbing","10":"instock","11":"shipping-taxable","12":"purchasable","13":"product-type-simple"},"_links":{"self":[{"href":"https:\/\/newhometr.com\/store\/wp-json\/wp\/v2\/product\/10645","targetHints":{"allow":["GET"]}}],"collection":[{"href":"https:\/\/newhometr.com\/store\/wp-json\/wp\/v2\/product"}],"about":[{"href":"https:\/\/newhometr.com\/store\/wp-json\/wp\/v2\/types\/product"}],"replies":[{"embeddable":true,"href":"https:\/\/newhometr.com\/store\/wp-json\/wp\/v2\/comments?post=10645"}],"version-history":[{"count":1,"href":"https:\/\/newhometr.com\/store\/wp-json\/wp\/v2\/product\/10645\/revisions"}],"predecessor-version":[{"id":10651,"href":"https:\/\/newhometr.com\/store\/wp-json\/wp\/v2\/product\/10645\/revisions\/10651"}],"wp:featuredmedia":[{"embeddable":true,"href":"https:\/\/newhometr.com\/store\/wp-json\/wp\/v2\/media\/10646"}],"wp:attachment":[{"href":"https:\/\/newhometr.com\/store\/wp-json\/wp\/v2\/media?parent=10645"}],"wp:term":[{"taxonomy":"product_brand","embeddable":true,"href":"https:\/\/newhometr.com\/store\/wp-json\/wp\/v2\/product_brand?post=10645"},{"taxonomy":"product_cat","embeddable":true,"href":"https:\/\/newhometr.com\/store\/wp-json\/wp\/v2\/product_cat?post=10645"},{"taxonomy":"product_tag","embeddable":true,"href":"https:\/\/newhometr.com\/store\/wp-json\/wp\/v2\/product_tag?post=10645"}],"curies":[{"name":"wp","href":"https:\/\/api.w.org\/{rel}","templated":true}]}}