{"id":10597,"date":"2025-06-29T17:30:42","date_gmt":"2025-06-29T17:30:42","guid":{"rendered":"https:\/\/newhometr.com\/store\/?post_type=product&#038;p=10597"},"modified":"2025-06-29T17:30:44","modified_gmt":"2025-06-29T17:30:44","slug":"grohe-yeni-precision-trend-termostat-bataryasi","status":"publish","type":"product","link":"https:\/\/newhometr.com\/store\/product\/grohe-yeni-precision-trend-termostat-bataryasi\/","title":{"rendered":"Grohe Yeni Precision Trend Termostat Bataryas\u0131"},"content":{"rendered":"<p>\u2022 Termostat Bataryas\u0131<br \/>\n\u2022 GROHE CoolTouch\u00ae el yakmayan y\u00fczey<br \/>\n\u2022 GROHE StarLight\u00ae krom kaplama<br \/>\n\u2022 GROHE TurboStat\u00ae ile sabit s\u0131cakl\u0131k<br \/>\n\u2022 GROHE MetalGrip ergonomik metal kumanda kollar\u0131<br \/>\n\u2022 GROHE SafeStop 38\u00b0C&#8217;ye ayarl\u0131 g\u00fcvenlik butonu<br \/>\n\u2022 M\u00fckemmel ak\u0131\u015f ve su tasarrufu i\u00e7in GROHE EcoJoy\u00ae teknolojisi<br \/>\n\u2022 \u00c7ok fonksiyonlu GROHE AquaDimmer Plus:<br \/>\n\u2022 Entegre GROHE EcoButton ekonomi butonu<br \/>\n\u2022 Ak\u0131\u015f kontrol\u00fc<br \/>\n\u2022 Y\u00f6n de\u011fi\u015ftirici: banyo\/du\u015f<br \/>\n\u2022 Entegre su ak\u0131\u015f\u0131 kesici<br \/>\n\u2022 Du\u015f alt \u00e7\u0131k\u0131\u015f\u0131 1\/2&#8243;<br \/>\n\u2022 Perlat\u00f6rl\u00fc<br \/>\n\u2022 Entegre \u00e7ek valf<br \/>\n\u2022 S-ba\u011flant\u0131<br \/>\n\u2022 Kir tutucu<br \/>\n\u2022 Metal rozet<br \/>\n\u2022 Tavsiye edilen min bas\u0131n\u00e7: 1.0 bar<\/p>\n","protected":false},"excerpt":{"rendered":"<p>\u2022 Termostat Bataryas\u0131 \u2022 GROHE CoolTouch\u00ae el yakmayan y\u00fczey \u2022 GROHE StarLight\u00ae krom kaplama \u2022 GROHE TurboStat\u00ae ile sabit s\u0131cakl\u0131k \u2022 GROHE MetalGrip ergonomik metal kumanda kollar\u0131 \u2022 GROHE SafeStop 38\u00b0C&#8217;ye ayarl\u0131 g\u00fcvenlik butonu \u2022 M\u00fckemmel ak\u0131\u015f ve su tasarrufu i\u00e7in GROHE EcoJoy\u00ae teknolojisi \u2022 \u00c7ok fonksiyonlu GROHE AquaDimmer Plus: \u2022 Entegre GROHE EcoButton ekonomi &hellip; <a href=\"https:\/\/newhometr.com\/store\/product\/grohe-yeni-precision-trend-termostat-bataryasi\/\" class=\"more-link\">Continue reading <span class=\"screen-reader-text\">Grohe Yeni Precision Trend Termostat Bataryas\u0131<\/span><\/a><\/p>\n","protected":false},"featured_media":10598,"comment_status":"open","ping_status":"closed","template":"","meta":[],"product_brand":[],"product_cat":[475,53],"product_tag":[],"class_list":{"0":"post-10597","1":"product","2":"type-product","3":"status-publish","4":"has-post-thumbnail","6":"product_cat-faucet","7":"product_cat-plumbing","10":"instock","11":"shipping-taxable","12":"purchasable","13":"product-type-simple"},"_links":{"self":[{"href":"https:\/\/newhometr.com\/store\/wp-json\/wp\/v2\/product\/10597","targetHints":{"allow":["GET"]}}],"collection":[{"href":"https:\/\/newhometr.com\/store\/wp-json\/wp\/v2\/product"}],"about":[{"href":"https:\/\/newhometr.com\/store\/wp-json\/wp\/v2\/types\/product"}],"replies":[{"embeddable":true,"href":"https:\/\/newhometr.com\/store\/wp-json\/wp\/v2\/comments?post=10597"}],"version-history":[{"count":1,"href":"https:\/\/newhometr.com\/store\/wp-json\/wp\/v2\/product\/10597\/revisions"}],"predecessor-version":[{"id":10603,"href":"https:\/\/newhometr.com\/store\/wp-json\/wp\/v2\/product\/10597\/revisions\/10603"}],"wp:featuredmedia":[{"embeddable":true,"href":"https:\/\/newhometr.com\/store\/wp-json\/wp\/v2\/media\/10598"}],"wp:attachment":[{"href":"https:\/\/newhometr.com\/store\/wp-json\/wp\/v2\/media?parent=10597"}],"wp:term":[{"taxonomy":"product_brand","embeddable":true,"href":"https:\/\/newhometr.com\/store\/wp-json\/wp\/v2\/product_brand?post=10597"},{"taxonomy":"product_cat","embeddable":true,"href":"https:\/\/newhometr.com\/store\/wp-json\/wp\/v2\/product_cat?post=10597"},{"taxonomy":"product_tag","embeddable":true,"href":"https:\/\/newhometr.com\/store\/wp-json\/wp\/v2\/product_tag?post=10597"}],"curies":[{"name":"wp","href":"https:\/\/api.w.org\/{rel}","templated":true}]}}