{"id":10469,"date":"2025-06-27T12:05:34","date_gmt":"2025-06-27T12:05:34","guid":{"rendered":"https:\/\/newhometr.com\/store\/?post_type=product&#038;p=10469"},"modified":"2025-06-30T16:22:43","modified_gmt":"2025-06-30T16:22:43","slug":"aluminyum-govdeli-maket-bicagi-18-mm","status":"publish","type":"product","link":"https:\/\/newhometr.com\/store\/product\/aluminyum-govdeli-maket-bicagi-18-mm\/","title":{"rendered":"Al\u00fcminyum G\u00f6vdeli Maket B\u0131\u00e7a\u011f\u0131 &#8211; 18 mm"},"content":{"rendered":"<p>Al\u00fcminyum G\u00f6vdeli Maket B\u0131\u00e7a\u011f\u0131 &#8211; 18 mm,<\/p>\n<p>al\u00fcminyum g\u00f6vde sayesinde hafif ve dayan\u0131kl\u0131 bir tasar\u0131ma sahip olan bu maket b\u0131\u00e7a\u011f\u0131, 18 mm geni\u015fli\u011finde b\u0131\u00e7ak yedekleri ile uyumludur.<\/p>\n<p>Ergonomik tasar\u0131m sayesinde uzun s\u00fcreli kullan\u0131mlarda konfor sunar ve kontroll\u00fc kesimler yapman\u0131z\u0131 sa\u011flar. Al\u00fcminyum yap\u0131s\u0131, b\u0131\u00e7a\u011f\u0131n dayan\u0131kl\u0131l\u0131\u011f\u0131n\u0131 art\u0131r\u0131r ve a\u011f\u0131rl\u0131\u011f\u0131 dengeleyerek kullan\u0131m\u0131 kolayla\u015ft\u0131r\u0131r.<\/p>\n<p>Bu maket b\u0131\u00e7a\u011f\u0131, \u00f6zellikle hobi \u00e7al\u0131\u015fmalar\u0131, model yap\u0131m\u0131, sanat projeleri, grafik tasar\u0131m ve kesim i\u015fleri i\u00e7in idealdir. Keskin u\u00e7lar\u0131 ve kolay de\u011fi\u015ftirme \u00f6zelli\u011fi ile hassas ve temiz kesimler elde etmenize yard\u0131mc\u0131 olur.<\/p>\n","protected":false},"excerpt":{"rendered":"<p>Al\u00fcminyum G\u00f6vdeli Maket B\u0131\u00e7a\u011f\u0131 &#8211; 18 mm, al\u00fcminyum g\u00f6vde sayesinde hafif ve dayan\u0131kl\u0131 bir tasar\u0131ma sahip olan bu maket b\u0131\u00e7a\u011f\u0131, 18 mm geni\u015fli\u011finde b\u0131\u00e7ak yedekleri ile uyumludur. Ergonomik tasar\u0131m sayesinde uzun s\u00fcreli kullan\u0131mlarda konfor sunar ve kontroll\u00fc kesimler yapman\u0131z\u0131 sa\u011flar. Al\u00fcminyum yap\u0131s\u0131, b\u0131\u00e7a\u011f\u0131n dayan\u0131kl\u0131l\u0131\u011f\u0131n\u0131 art\u0131r\u0131r ve a\u011f\u0131rl\u0131\u011f\u0131 dengeleyerek kullan\u0131m\u0131 kolayla\u015ft\u0131r\u0131r. Bu maket b\u0131\u00e7a\u011f\u0131, \u00f6zellikle hobi &hellip; <a href=\"https:\/\/newhometr.com\/store\/product\/aluminyum-govdeli-maket-bicagi-18-mm\/\" class=\"more-link\">Continue reading <span class=\"screen-reader-text\">Al\u00fcminyum G\u00f6vdeli Maket B\u0131\u00e7a\u011f\u0131 &#8211; 18 mm<\/span><\/a><\/p>\n","protected":false},"featured_media":10470,"comment_status":"open","ping_status":"closed","template":"","meta":[],"product_brand":[458],"product_cat":[38,175],"product_tag":[],"class_list":{"0":"post-10469","1":"product","2":"type-product","3":"status-publish","4":"has-post-thumbnail","6":"product_brand-gfb","7":"product_cat-tools","8":"product_cat-hand-tools","11":"instock","12":"shipping-taxable","13":"purchasable","14":"product-type-simple"},"_links":{"self":[{"href":"https:\/\/newhometr.com\/store\/wp-json\/wp\/v2\/product\/10469","targetHints":{"allow":["GET"]}}],"collection":[{"href":"https:\/\/newhometr.com\/store\/wp-json\/wp\/v2\/product"}],"about":[{"href":"https:\/\/newhometr.com\/store\/wp-json\/wp\/v2\/types\/product"}],"replies":[{"embeddable":true,"href":"https:\/\/newhometr.com\/store\/wp-json\/wp\/v2\/comments?post=10469"}],"version-history":[{"count":2,"href":"https:\/\/newhometr.com\/store\/wp-json\/wp\/v2\/product\/10469\/revisions"}],"predecessor-version":[{"id":10692,"href":"https:\/\/newhometr.com\/store\/wp-json\/wp\/v2\/product\/10469\/revisions\/10692"}],"wp:featuredmedia":[{"embeddable":true,"href":"https:\/\/newhometr.com\/store\/wp-json\/wp\/v2\/media\/10470"}],"wp:attachment":[{"href":"https:\/\/newhometr.com\/store\/wp-json\/wp\/v2\/media?parent=10469"}],"wp:term":[{"taxonomy":"product_brand","embeddable":true,"href":"https:\/\/newhometr.com\/store\/wp-json\/wp\/v2\/product_brand?post=10469"},{"taxonomy":"product_cat","embeddable":true,"href":"https:\/\/newhometr.com\/store\/wp-json\/wp\/v2\/product_cat?post=10469"},{"taxonomy":"product_tag","embeddable":true,"href":"https:\/\/newhometr.com\/store\/wp-json\/wp\/v2\/product_tag?post=10469"}],"curies":[{"name":"wp","href":"https:\/\/api.w.org\/{rel}","templated":true}]}}