{"id":10465,"date":"2025-06-27T12:01:41","date_gmt":"2025-06-27T12:01:41","guid":{"rendered":"https:\/\/newhometr.com\/store\/?post_type=product&#038;p=10465"},"modified":"2025-06-30T16:21:22","modified_gmt":"2025-06-30T16:21:22","slug":"delikli-kose-profili","status":"publish","type":"product","link":"https:\/\/newhometr.com\/store\/product\/delikli-kose-profili\/","title":{"rendered":"Delikli K\u00f6\u015fe Profili"},"content":{"rendered":"<p>Delikli K\u00f6\u015fe Profili<br \/>\nEt kal\u0131nl\u0131\u011f\u0131 0,25 mm&#8217;dir.<\/p>\n<p>\u00dcr\u00fcn Tan\u0131m\u0131:<br \/>\nAl\u00e7\u0131pan b\u00f6lme duvar sistemlerinde k\u00f6\u015fe birle\u015fim yerlerinde d\u00fczg\u00fcn bir hat olu\u015fturmak ve darbelere kar\u015f\u0131 dayan\u0131m\u0131 artt\u0131rmak<br \/>\ni\u00e7in kullan\u0131l\u0131r. Hammadde \u00f6zelli\u011finden dolay\u0131 korozyona u\u011framaz.<\/p>\n<p>\u00dcr\u00fcn saklama ko\u015fullar\u0131<br \/>\nT\u00fcm fuga ve detay profilleri boyal\u0131 olan \u00fcr\u00fcnlerin y\u00fczey hassasiyetenden, galvaniz profillerin ise suya temas etmeden<br \/>\nve uygulama esas\u0131nda d\u00fcz bir al\u0131n elde etmek i\u00e7in darbe almayacak \u015fekilde muhafaza edilmesi gerekmektedir.<\/p>\n<p>Kullan\u0131m Alan\u0131<br \/>\nAl\u00e7\u0131pan, asma tavan b\u00f6lme ve duvar birle\u015fimlerinde kullan\u0131l\u0131r.<\/p>\n<p>Al\u00fcminyum beyaz boyal\u0131 \u00dcr\u00fcnlerimiz Ral 9016 kodundad\u0131r. \u0130ste\u011fe ba\u011fl\u0131 \u00f6zel renk imalat\u0131 yap\u0131labilir.<\/p>\n","protected":false},"excerpt":{"rendered":"<p>Delikli K\u00f6\u015fe Profili Et kal\u0131nl\u0131\u011f\u0131 0,25 mm&#8217;dir. \u00dcr\u00fcn Tan\u0131m\u0131: Al\u00e7\u0131pan b\u00f6lme duvar sistemlerinde k\u00f6\u015fe birle\u015fim yerlerinde d\u00fczg\u00fcn bir hat olu\u015fturmak ve darbelere kar\u015f\u0131 dayan\u0131m\u0131 artt\u0131rmak i\u00e7in kullan\u0131l\u0131r. Hammadde \u00f6zelli\u011finden dolay\u0131 korozyona u\u011framaz. \u00dcr\u00fcn saklama ko\u015fullar\u0131 T\u00fcm fuga ve detay profilleri boyal\u0131 olan \u00fcr\u00fcnlerin y\u00fczey hassasiyetenden, galvaniz profillerin ise suya temas etmeden ve uygulama esas\u0131nda d\u00fcz &hellip; <a href=\"https:\/\/newhometr.com\/store\/product\/delikli-kose-profili\/\" class=\"more-link\">Continue reading <span class=\"screen-reader-text\">Delikli K\u00f6\u015fe Profili<\/span><\/a><\/p>\n","protected":false},"featured_media":10466,"comment_status":"open","ping_status":"closed","template":"","meta":[],"product_brand":[],"product_cat":[481,52],"product_tag":[],"class_list":{"0":"post-10465","1":"product","2":"type-product","3":"status-publish","4":"has-post-thumbnail","6":"product_cat-building-supplies","7":"product_cat-building-materials","10":"instock","11":"shipping-taxable","12":"purchasable","13":"product-type-simple"},"_links":{"self":[{"href":"https:\/\/newhometr.com\/store\/wp-json\/wp\/v2\/product\/10465","targetHints":{"allow":["GET"]}}],"collection":[{"href":"https:\/\/newhometr.com\/store\/wp-json\/wp\/v2\/product"}],"about":[{"href":"https:\/\/newhometr.com\/store\/wp-json\/wp\/v2\/types\/product"}],"replies":[{"embeddable":true,"href":"https:\/\/newhometr.com\/store\/wp-json\/wp\/v2\/comments?post=10465"}],"version-history":[{"count":1,"href":"https:\/\/newhometr.com\/store\/wp-json\/wp\/v2\/product\/10465\/revisions"}],"predecessor-version":[{"id":10468,"href":"https:\/\/newhometr.com\/store\/wp-json\/wp\/v2\/product\/10465\/revisions\/10468"}],"wp:featuredmedia":[{"embeddable":true,"href":"https:\/\/newhometr.com\/store\/wp-json\/wp\/v2\/media\/10466"}],"wp:attachment":[{"href":"https:\/\/newhometr.com\/store\/wp-json\/wp\/v2\/media?parent=10465"}],"wp:term":[{"taxonomy":"product_brand","embeddable":true,"href":"https:\/\/newhometr.com\/store\/wp-json\/wp\/v2\/product_brand?post=10465"},{"taxonomy":"product_cat","embeddable":true,"href":"https:\/\/newhometr.com\/store\/wp-json\/wp\/v2\/product_cat?post=10465"},{"taxonomy":"product_tag","embeddable":true,"href":"https:\/\/newhometr.com\/store\/wp-json\/wp\/v2\/product_tag?post=10465"}],"curies":[{"name":"wp","href":"https:\/\/api.w.org\/{rel}","templated":true}]}}