{"id":10403,"date":"2025-06-26T12:25:16","date_gmt":"2025-06-26T12:25:16","guid":{"rendered":"https:\/\/newhometr.com\/store\/?post_type=product&#038;p=10403"},"modified":"2025-07-01T11:37:37","modified_gmt":"2025-07-01T11:37:37","slug":"ibico-3cmx2mt-kalin-genis-nano-bant-seffaf-cift-tarafli135","status":"publish","type":"product","link":"https:\/\/newhometr.com\/store\/product\/ibico-3cmx2mt-kalin-genis-nano-bant-seffaf-cift-tarafli135\/","title":{"rendered":"\u0130B\u0130CO ( 3CMX2MT ) ( KALIN GEN\u0130\u015e ) ( NANO BANT ) \u015eEFFAF \u00c7\u0130FT TARAFLI*135"},"content":{"rendered":"","protected":false},"excerpt":{"rendered":"","protected":false},"featured_media":10404,"comment_status":"open","ping_status":"closed","template":"","meta":[],"product_brand":[450],"product_cat":[465,52],"product_tag":[],"class_list":{"0":"post-10403","1":"product","2":"type-product","3":"status-publish","4":"has-post-thumbnail","6":"product_brand-ibico","7":"product_cat-fixing-and-adhesive-materials","8":"product_cat-building-materials","11":"instock","12":"shipping-taxable","13":"purchasable","14":"product-type-simple"},"_links":{"self":[{"href":"https:\/\/newhometr.com\/store\/wp-json\/wp\/v2\/product\/10403","targetHints":{"allow":["GET"]}}],"collection":[{"href":"https:\/\/newhometr.com\/store\/wp-json\/wp\/v2\/product"}],"about":[{"href":"https:\/\/newhometr.com\/store\/wp-json\/wp\/v2\/types\/product"}],"replies":[{"embeddable":true,"href":"https:\/\/newhometr.com\/store\/wp-json\/wp\/v2\/comments?post=10403"}],"version-history":[{"count":1,"href":"https:\/\/newhometr.com\/store\/wp-json\/wp\/v2\/product\/10403\/revisions"}],"predecessor-version":[{"id":10405,"href":"https:\/\/newhometr.com\/store\/wp-json\/wp\/v2\/product\/10403\/revisions\/10405"}],"wp:featuredmedia":[{"embeddable":true,"href":"https:\/\/newhometr.com\/store\/wp-json\/wp\/v2\/media\/10404"}],"wp:attachment":[{"href":"https:\/\/newhometr.com\/store\/wp-json\/wp\/v2\/media?parent=10403"}],"wp:term":[{"taxonomy":"product_brand","embeddable":true,"href":"https:\/\/newhometr.com\/store\/wp-json\/wp\/v2\/product_brand?post=10403"},{"taxonomy":"product_cat","embeddable":true,"href":"https:\/\/newhometr.com\/store\/wp-json\/wp\/v2\/product_cat?post=10403"},{"taxonomy":"product_tag","embeddable":true,"href":"https:\/\/newhometr.com\/store\/wp-json\/wp\/v2\/product_tag?post=10403"}],"curies":[{"name":"wp","href":"https:\/\/api.w.org\/{rel}","templated":true}]}}