{"id":10348,"date":"2025-06-25T23:47:12","date_gmt":"2025-06-25T23:47:12","guid":{"rendered":"https:\/\/newhometr.com\/store\/?post_type=product&#038;p=10348"},"modified":"2025-06-28T15:13:45","modified_gmt":"2025-06-28T15:13:45","slug":"celikel-07-amerikan-nikel-saten-bravo-n-s-roz-oda-kapi-kolu-takim5x15","status":"publish","type":"product","link":"https:\/\/newhometr.com\/store\/product\/celikel-07-amerikan-nikel-saten-bravo-n-s-roz-oda-kapi-kolu-takim5x15\/","title":{"rendered":"\u00c7EL\u0130KEL-07 ( AMER\u0130KAN ) ( N\u0130KEL SATEN ) ( BRAVO N S ROZ ) ODA KAPI KOLU TAKIM*5X15"},"content":{"rendered":"","protected":false},"excerpt":{"rendered":"","protected":false},"featured_media":10349,"comment_status":"open","ping_status":"closed","template":"","meta":[],"product_brand":[445],"product_cat":[472,38],"product_tag":[],"class_list":{"0":"post-10348","1":"product","2":"type-product","3":"status-publish","4":"has-post-thumbnail","6":"product_brand-celikel","7":"product_cat-safety-equipment-and-locks","8":"product_cat-tools","11":"instock","12":"shipping-taxable","13":"purchasable","14":"product-type-simple"},"_links":{"self":[{"href":"https:\/\/newhometr.com\/store\/wp-json\/wp\/v2\/product\/10348","targetHints":{"allow":["GET"]}}],"collection":[{"href":"https:\/\/newhometr.com\/store\/wp-json\/wp\/v2\/product"}],"about":[{"href":"https:\/\/newhometr.com\/store\/wp-json\/wp\/v2\/types\/product"}],"replies":[{"embeddable":true,"href":"https:\/\/newhometr.com\/store\/wp-json\/wp\/v2\/comments?post=10348"}],"version-history":[{"count":1,"href":"https:\/\/newhometr.com\/store\/wp-json\/wp\/v2\/product\/10348\/revisions"}],"predecessor-version":[{"id":10350,"href":"https:\/\/newhometr.com\/store\/wp-json\/wp\/v2\/product\/10348\/revisions\/10350"}],"wp:featuredmedia":[{"embeddable":true,"href":"https:\/\/newhometr.com\/store\/wp-json\/wp\/v2\/media\/10349"}],"wp:attachment":[{"href":"https:\/\/newhometr.com\/store\/wp-json\/wp\/v2\/media?parent=10348"}],"wp:term":[{"taxonomy":"product_brand","embeddable":true,"href":"https:\/\/newhometr.com\/store\/wp-json\/wp\/v2\/product_brand?post=10348"},{"taxonomy":"product_cat","embeddable":true,"href":"https:\/\/newhometr.com\/store\/wp-json\/wp\/v2\/product_cat?post=10348"},{"taxonomy":"product_tag","embeddable":true,"href":"https:\/\/newhometr.com\/store\/wp-json\/wp\/v2\/product_tag?post=10348"}],"curies":[{"name":"wp","href":"https:\/\/api.w.org\/{rel}","templated":true}]}}