{"id":10314,"date":"2025-06-25T23:17:36","date_gmt":"2025-06-25T23:17:36","guid":{"rendered":"https:\/\/newhometr.com\/store\/?post_type=product&#038;p=10314"},"modified":"2025-06-28T13:58:22","modified_gmt":"2025-06-28T13:58:22","slug":"kupa-makarali-uzatma-kablo-3x25-30m","status":"publish","type":"product","link":"https:\/\/newhometr.com\/store\/product\/kupa-makarali-uzatma-kablo-3x25-30m\/","title":{"rendered":"KUPA MAKARALI UZATMA KABLO 3&#215;2,5 &#8211; 30m"},"content":{"rendered":"<p>\u00dcr\u00fcn A\u00e7\u0131klamas\u0131\/Bilgilendirme<\/p>\n<p>\u2013 4\u2019l\u00fc entegre priz<\/p>\n<p>\u2013 Darbelere dayan\u0131kl\u0131 g\u00f6vde<\/p>\n<p>\u2013 Makara Sistemi<\/p>\n","protected":false},"excerpt":{"rendered":"<p>\u00dcr\u00fcn A\u00e7\u0131klamas\u0131\/Bilgilendirme \u2013 4\u2019l\u00fc entegre priz \u2013 Darbelere dayan\u0131kl\u0131 g\u00f6vde \u2013 Makara Sistemi<\/p>\n","protected":false},"featured_media":10315,"comment_status":"open","ping_status":"closed","template":"","meta":[],"product_brand":[],"product_cat":[471,38],"product_tag":[],"class_list":{"0":"post-10314","1":"product","2":"type-product","3":"status-publish","4":"has-post-thumbnail","6":"product_cat-wires-and-cables-tools","7":"product_cat-tools","10":"instock","11":"shipping-taxable","12":"purchasable","13":"product-type-simple"},"_links":{"self":[{"href":"https:\/\/newhometr.com\/store\/wp-json\/wp\/v2\/product\/10314","targetHints":{"allow":["GET"]}}],"collection":[{"href":"https:\/\/newhometr.com\/store\/wp-json\/wp\/v2\/product"}],"about":[{"href":"https:\/\/newhometr.com\/store\/wp-json\/wp\/v2\/types\/product"}],"replies":[{"embeddable":true,"href":"https:\/\/newhometr.com\/store\/wp-json\/wp\/v2\/comments?post=10314"}],"version-history":[{"count":1,"href":"https:\/\/newhometr.com\/store\/wp-json\/wp\/v2\/product\/10314\/revisions"}],"predecessor-version":[{"id":10316,"href":"https:\/\/newhometr.com\/store\/wp-json\/wp\/v2\/product\/10314\/revisions\/10316"}],"wp:featuredmedia":[{"embeddable":true,"href":"https:\/\/newhometr.com\/store\/wp-json\/wp\/v2\/media\/10315"}],"wp:attachment":[{"href":"https:\/\/newhometr.com\/store\/wp-json\/wp\/v2\/media?parent=10314"}],"wp:term":[{"taxonomy":"product_brand","embeddable":true,"href":"https:\/\/newhometr.com\/store\/wp-json\/wp\/v2\/product_brand?post=10314"},{"taxonomy":"product_cat","embeddable":true,"href":"https:\/\/newhometr.com\/store\/wp-json\/wp\/v2\/product_cat?post=10314"},{"taxonomy":"product_tag","embeddable":true,"href":"https:\/\/newhometr.com\/store\/wp-json\/wp\/v2\/product_tag?post=10314"}],"curies":[{"name":"wp","href":"https:\/\/api.w.org\/{rel}","templated":true}]}}