{"id":10257,"date":"2025-06-25T17:36:35","date_gmt":"2025-06-25T17:36:35","guid":{"rendered":"https:\/\/newhometr.com\/store\/?post_type=product&#038;p=10257"},"modified":"2025-06-28T13:21:34","modified_gmt":"2025-06-28T13:21:34","slug":"kupa-pro-aluminyum-maket-bicagi","status":"publish","type":"product","link":"https:\/\/newhometr.com\/store\/product\/kupa-pro-aluminyum-maket-bicagi\/","title":{"rendered":"KUPA PRO AL\u00dcM\u0130NYUM MAKET BI\u00c7A\u011eI"},"content":{"rendered":"<p>\u00dcr\u00fcn A\u00e7\u0131klamas\u0131\/Bilgilendirme<br \/>\n\u2013 Darbelere dayan\u0131kl\u0131 metal g\u00f6vde<\/p>\n<p>\u2013 Kontroll\u00fc b\u0131\u00e7ak uzatma ve emniyet kilidi<\/p>\n<p>\u2013 18 mm b\u0131\u00e7akl\u0131<\/p>\n","protected":false},"excerpt":{"rendered":"<p>\u00dcr\u00fcn A\u00e7\u0131klamas\u0131\/Bilgilendirme \u2013 Darbelere dayan\u0131kl\u0131 metal g\u00f6vde \u2013 Kontroll\u00fc b\u0131\u00e7ak uzatma ve emniyet kilidi \u2013 18 mm b\u0131\u00e7akl\u0131<\/p>\n","protected":false},"featured_media":10258,"comment_status":"open","ping_status":"closed","template":"","meta":[],"product_brand":[],"product_cat":[38,175],"product_tag":[],"class_list":{"0":"post-10257","1":"product","2":"type-product","3":"status-publish","4":"has-post-thumbnail","6":"product_cat-tools","7":"product_cat-hand-tools","10":"instock","11":"shipping-taxable","12":"purchasable","13":"product-type-simple"},"_links":{"self":[{"href":"https:\/\/newhometr.com\/store\/wp-json\/wp\/v2\/product\/10257","targetHints":{"allow":["GET"]}}],"collection":[{"href":"https:\/\/newhometr.com\/store\/wp-json\/wp\/v2\/product"}],"about":[{"href":"https:\/\/newhometr.com\/store\/wp-json\/wp\/v2\/types\/product"}],"replies":[{"embeddable":true,"href":"https:\/\/newhometr.com\/store\/wp-json\/wp\/v2\/comments?post=10257"}],"version-history":[{"count":1,"href":"https:\/\/newhometr.com\/store\/wp-json\/wp\/v2\/product\/10257\/revisions"}],"predecessor-version":[{"id":10259,"href":"https:\/\/newhometr.com\/store\/wp-json\/wp\/v2\/product\/10257\/revisions\/10259"}],"wp:featuredmedia":[{"embeddable":true,"href":"https:\/\/newhometr.com\/store\/wp-json\/wp\/v2\/media\/10258"}],"wp:attachment":[{"href":"https:\/\/newhometr.com\/store\/wp-json\/wp\/v2\/media?parent=10257"}],"wp:term":[{"taxonomy":"product_brand","embeddable":true,"href":"https:\/\/newhometr.com\/store\/wp-json\/wp\/v2\/product_brand?post=10257"},{"taxonomy":"product_cat","embeddable":true,"href":"https:\/\/newhometr.com\/store\/wp-json\/wp\/v2\/product_cat?post=10257"},{"taxonomy":"product_tag","embeddable":true,"href":"https:\/\/newhometr.com\/store\/wp-json\/wp\/v2\/product_tag?post=10257"}],"curies":[{"name":"wp","href":"https:\/\/api.w.org\/{rel}","templated":true}]}}