{"id":10164,"date":"2025-06-24T16:53:04","date_gmt":"2025-06-24T16:53:04","guid":{"rendered":"https:\/\/newhometr.com\/store\/?post_type=product&#038;p=10164"},"modified":"2025-06-28T16:01:33","modified_gmt":"2025-06-28T16:01:33","slug":"siemens-c1x20a-tek-fazli-otomatik-sigorta-6ka-5sl6120-7ya","status":"publish","type":"product","link":"https:\/\/newhometr.com\/store\/product\/siemens-c1x20a-tek-fazli-otomatik-sigorta-6ka-5sl6120-7ya\/","title":{"rendered":"Siemens C1x20A Tek Fazl\u0131 Otomatik Sigorta 6kA 5SL6120-7YA"},"content":{"rendered":"<p>\u00dcr\u00fcn \u00d6zellikleri<\/p>\n<ul>\n<li>Anma Ak\u0131m\u0131: 20A<\/li>\n<li>Gerilim: 230\/400V AC<\/li>\n<li>Gerilim T\u00fcr\u00fc: AC<\/li>\n<li>Kesme Kapasitesi: 6kA<\/li>\n<li>Kutup Say\u0131s\u0131: 1<\/li>\n<li>Tip: C<\/li>\n<\/ul>\n","protected":false},"excerpt":{"rendered":"<p>\u00dcr\u00fcn \u00d6zellikleri Anma Ak\u0131m\u0131: 20A Gerilim: 230\/400V AC Gerilim T\u00fcr\u00fc: AC Kesme Kapasitesi: 6kA Kutup Say\u0131s\u0131: 1 Tip: C<\/p>\n","protected":false},"featured_media":10514,"comment_status":"open","ping_status":"closed","template":"","meta":[],"product_brand":[427],"product_cat":[461,43],"product_tag":[],"class_list":{"0":"post-10164","1":"product","2":"type-product","3":"status-publish","4":"has-post-thumbnail","6":"product_brand-siemens","7":"product_cat-circuit-breakers-electrical-panels","8":"product_cat-electrical","11":"instock","12":"shipping-taxable","13":"purchasable","14":"product-type-simple"},"_links":{"self":[{"href":"https:\/\/newhometr.com\/store\/wp-json\/wp\/v2\/product\/10164","targetHints":{"allow":["GET"]}}],"collection":[{"href":"https:\/\/newhometr.com\/store\/wp-json\/wp\/v2\/product"}],"about":[{"href":"https:\/\/newhometr.com\/store\/wp-json\/wp\/v2\/types\/product"}],"replies":[{"embeddable":true,"href":"https:\/\/newhometr.com\/store\/wp-json\/wp\/v2\/comments?post=10164"}],"version-history":[{"count":3,"href":"https:\/\/newhometr.com\/store\/wp-json\/wp\/v2\/product\/10164\/revisions"}],"predecessor-version":[{"id":10516,"href":"https:\/\/newhometr.com\/store\/wp-json\/wp\/v2\/product\/10164\/revisions\/10516"}],"wp:featuredmedia":[{"embeddable":true,"href":"https:\/\/newhometr.com\/store\/wp-json\/wp\/v2\/media\/10514"}],"wp:attachment":[{"href":"https:\/\/newhometr.com\/store\/wp-json\/wp\/v2\/media?parent=10164"}],"wp:term":[{"taxonomy":"product_brand","embeddable":true,"href":"https:\/\/newhometr.com\/store\/wp-json\/wp\/v2\/product_brand?post=10164"},{"taxonomy":"product_cat","embeddable":true,"href":"https:\/\/newhometr.com\/store\/wp-json\/wp\/v2\/product_cat?post=10164"},{"taxonomy":"product_tag","embeddable":true,"href":"https:\/\/newhometr.com\/store\/wp-json\/wp\/v2\/product_tag?post=10164"}],"curies":[{"name":"wp","href":"https:\/\/api.w.org\/{rel}","templated":true}]}}