{"id":10158,"date":"2025-06-24T16:30:21","date_gmt":"2025-06-24T16:30:21","guid":{"rendered":"https:\/\/newhometr.com\/store\/?post_type=product&#038;p=10158"},"modified":"2025-06-28T10:09:40","modified_gmt":"2025-06-28T10:09:40","slug":"noas-3w-sarj-edilebilir-milas-led-el-feneri-yl05-2011","status":"publish","type":"product","link":"https:\/\/newhometr.com\/store\/product\/noas-3w-sarj-edilebilir-milas-led-el-feneri-yl05-2011\/","title":{"rendered":"Noas 3W \u015earj Edilebilir Milas Led El Feneri YL05-2011"},"content":{"rendered":"<p>\u00dcr\u00fcn \u00d6zellikleri<\/p>\n<ul>\n<li>CREE LED<\/li>\n<li>\u015earj Edilebilir<\/li>\n<li>3 Saat \u015earj S\u00fcresi<\/li>\n<li>6 Saat \u00c7al\u0131\u015fma S\u00fcresi<\/li>\n<li>150 L\u00fcmen<\/li>\n<li>SMD LED<\/li>\n<li>220 V<\/li>\n<li>7 Watt<\/li>\n<li>115 x 200 mm<\/li>\n<li>IP20 Koruma S\u0131n\u0131f\u0131<\/li>\n<li>24 Ay Garanti<\/li>\n<\/ul>\n","protected":false},"excerpt":{"rendered":"<p>\u00dcr\u00fcn \u00d6zellikleri CREE LED \u015earj Edilebilir 3 Saat \u015earj S\u00fcresi 6 Saat \u00c7al\u0131\u015fma S\u00fcresi 150 L\u00fcmen SMD LED 220 V 7 Watt 115 x 200 mm IP20 Koruma S\u0131n\u0131f\u0131 24 Ay Garanti<\/p>\n","protected":false},"featured_media":10159,"comment_status":"open","ping_status":"closed","template":"","meta":[],"product_brand":[425],"product_cat":[460,43],"product_tag":[],"class_list":{"0":"post-10158","1":"product","2":"type-product","3":"status-publish","4":"has-post-thumbnail","6":"product_brand-noas","7":"product_cat-lighting","8":"product_cat-electrical","11":"instock","12":"shipping-taxable","13":"purchasable","14":"product-type-simple"},"_links":{"self":[{"href":"https:\/\/newhometr.com\/store\/wp-json\/wp\/v2\/product\/10158","targetHints":{"allow":["GET"]}}],"collection":[{"href":"https:\/\/newhometr.com\/store\/wp-json\/wp\/v2\/product"}],"about":[{"href":"https:\/\/newhometr.com\/store\/wp-json\/wp\/v2\/types\/product"}],"replies":[{"embeddable":true,"href":"https:\/\/newhometr.com\/store\/wp-json\/wp\/v2\/comments?post=10158"}],"version-history":[{"count":1,"href":"https:\/\/newhometr.com\/store\/wp-json\/wp\/v2\/product\/10158\/revisions"}],"predecessor-version":[{"id":10160,"href":"https:\/\/newhometr.com\/store\/wp-json\/wp\/v2\/product\/10158\/revisions\/10160"}],"wp:featuredmedia":[{"embeddable":true,"href":"https:\/\/newhometr.com\/store\/wp-json\/wp\/v2\/media\/10159"}],"wp:attachment":[{"href":"https:\/\/newhometr.com\/store\/wp-json\/wp\/v2\/media?parent=10158"}],"wp:term":[{"taxonomy":"product_brand","embeddable":true,"href":"https:\/\/newhometr.com\/store\/wp-json\/wp\/v2\/product_brand?post=10158"},{"taxonomy":"product_cat","embeddable":true,"href":"https:\/\/newhometr.com\/store\/wp-json\/wp\/v2\/product_cat?post=10158"},{"taxonomy":"product_tag","embeddable":true,"href":"https:\/\/newhometr.com\/store\/wp-json\/wp\/v2\/product_tag?post=10158"}],"curies":[{"name":"wp","href":"https:\/\/api.w.org\/{rel}","templated":true}]}}