{"id":10148,"date":"2025-06-24T15:27:41","date_gmt":"2025-06-24T15:27:41","guid":{"rendered":"https:\/\/newhometr.com\/store\/?post_type=product&#038;p=10148"},"modified":"2025-06-27T21:46:24","modified_gmt":"2025-06-27T21:46:24","slug":"viko-yonca-plus-beyaz-uclu-toprakli-priz-90303003","status":"publish","type":"product","link":"https:\/\/newhometr.com\/store\/product\/viko-yonca-plus-beyaz-uclu-toprakli-priz-90303003\/","title":{"rendered":"Viko Yonca Plus Beyaz \u00dc\u00e7l\u00fc Toprakl\u0131 Priz 90303003"},"content":{"rendered":"<p>Viko Yonca Plus Beyaz\u00dc\u00e7l\u00fc Toprakl\u0131 Priz &#8211; 90303003<br \/>\nViko&#8217;nun Yonca Plus serisine ait Beyaz renkli \u00fc\u00e7l\u00fc toprakl\u0131 priz, g\u00fcvenli ve kullan\u0131\u015fl\u0131 elektrik ba\u011flant\u0131lar\u0131 i\u00e7in \u00f6zel olarak tasarlanm\u0131\u015ft\u0131r. Beyaz rengin modern ve \u015f\u0131k g\u00f6r\u00fcn\u00fcm\u00fc, her t\u00fcrl\u00fc i\u00e7 mek\u00e2na estetik uyum sa\u011flar.<br \/>\nToprakl\u0131 yap\u0131s\u0131 sayesinde elektriksel g\u00fcvenli\u011fi \u00fcst seviyeye \u00e7\u0131kar\u0131r. Elektrik ak\u0131m\u0131n\u0131 do\u011fru \u015fekilde y\u00f6nlendirerek olas\u0131 ka\u00e7aklara kar\u015f\u0131 koruma sa\u011flar ve kullan\u0131c\u0131 g\u00fcvenli\u011fini art\u0131r\u0131r.<br \/>\nEvlerde, ofislerde ve ticari alanlarda rahatl\u0131kla kullan\u0131labilen bu priz, dayan\u0131kl\u0131 malzeme yap\u0131s\u0131 sayesinde uzun \u00f6m\u00fcrl\u00fc bir kullan\u0131m sunar. Viko kalitesiyle \u00fcretilmi\u015f bu \u00fcr\u00fcn, i\u015flevsellik ve estetik g\u00f6r\u00fcn\u00fcm\u00fc bir arada sunar.<\/p>\n","protected":false},"excerpt":{"rendered":"<p>Viko Yonca Plus Beyaz\u00dc\u00e7l\u00fc Toprakl\u0131 Priz &#8211; 90303003 Viko&#8217;nun Yonca Plus serisine ait Beyaz renkli \u00fc\u00e7l\u00fc toprakl\u0131 priz, g\u00fcvenli ve kullan\u0131\u015fl\u0131 elektrik ba\u011flant\u0131lar\u0131 i\u00e7in \u00f6zel olarak tasarlanm\u0131\u015ft\u0131r. Beyaz rengin modern ve \u015f\u0131k g\u00f6r\u00fcn\u00fcm\u00fc, her t\u00fcrl\u00fc i\u00e7 mek\u00e2na estetik uyum sa\u011flar. Toprakl\u0131 yap\u0131s\u0131 sayesinde elektriksel g\u00fcvenli\u011fi \u00fcst seviyeye \u00e7\u0131kar\u0131r. Elektrik ak\u0131m\u0131n\u0131 do\u011fru \u015fekilde y\u00f6nlendirerek olas\u0131 ka\u00e7aklara &hellip; <a href=\"https:\/\/newhometr.com\/store\/product\/viko-yonca-plus-beyaz-uclu-toprakli-priz-90303003\/\" class=\"more-link\">Continue reading <span class=\"screen-reader-text\">Viko Yonca Plus Beyaz \u00dc\u00e7l\u00fc Toprakl\u0131 Priz 90303003<\/span><\/a><\/p>\n","protected":false},"featured_media":10149,"comment_status":"open","ping_status":"closed","template":"","meta":[],"product_brand":[421],"product_cat":[459,43],"product_tag":[],"class_list":{"0":"post-10148","1":"product","2":"type-product","3":"status-publish","4":"has-post-thumbnail","6":"product_brand-viko-by-panasonic","7":"product_cat-switches-and-sockets","8":"product_cat-electrical","11":"instock","12":"shipping-taxable","13":"purchasable","14":"product-type-simple"},"_links":{"self":[{"href":"https:\/\/newhometr.com\/store\/wp-json\/wp\/v2\/product\/10148","targetHints":{"allow":["GET"]}}],"collection":[{"href":"https:\/\/newhometr.com\/store\/wp-json\/wp\/v2\/product"}],"about":[{"href":"https:\/\/newhometr.com\/store\/wp-json\/wp\/v2\/types\/product"}],"replies":[{"embeddable":true,"href":"https:\/\/newhometr.com\/store\/wp-json\/wp\/v2\/comments?post=10148"}],"version-history":[{"count":1,"href":"https:\/\/newhometr.com\/store\/wp-json\/wp\/v2\/product\/10148\/revisions"}],"predecessor-version":[{"id":10150,"href":"https:\/\/newhometr.com\/store\/wp-json\/wp\/v2\/product\/10148\/revisions\/10150"}],"wp:featuredmedia":[{"embeddable":true,"href":"https:\/\/newhometr.com\/store\/wp-json\/wp\/v2\/media\/10149"}],"wp:attachment":[{"href":"https:\/\/newhometr.com\/store\/wp-json\/wp\/v2\/media?parent=10148"}],"wp:term":[{"taxonomy":"product_brand","embeddable":true,"href":"https:\/\/newhometr.com\/store\/wp-json\/wp\/v2\/product_brand?post=10148"},{"taxonomy":"product_cat","embeddable":true,"href":"https:\/\/newhometr.com\/store\/wp-json\/wp\/v2\/product_cat?post=10148"},{"taxonomy":"product_tag","embeddable":true,"href":"https:\/\/newhometr.com\/store\/wp-json\/wp\/v2\/product_tag?post=10148"}],"curies":[{"name":"wp","href":"https:\/\/api.w.org\/{rel}","templated":true}]}}